Last updated on 2023-06-10 00:54:47 CEST.
Flavor | Version | Tinstall | Tcheck | Ttotal | Status | Flags |
---|---|---|---|---|---|---|
r-devel-linux-x86_64-debian-clang | 0.8.7 | 52.35 | 217.49 | 269.84 | NOTE | |
r-devel-linux-x86_64-debian-gcc | 0.8.7 | 40.18 | 163.66 | 203.84 | NOTE | |
r-devel-linux-x86_64-fedora-clang | 0.8.7 | 336.15 | NOTE | |||
r-devel-linux-x86_64-fedora-gcc | 0.8.7 | 323.22 | NOTE | |||
r-devel-windows-x86_64 | 0.8.7 | 48.00 | 155.00 | 203.00 | NOTE | |
r-patched-linux-x86_64 | 0.8.7 | 36.57 | 202.27 | 238.84 | NOTE | |
r-release-linux-x86_64 | 0.8.7 | 51.62 | 199.62 | 251.24 | NOTE | |
r-release-macos-arm64 | 0.8.7 | 105.00 | NOTE | |||
r-release-macos-x86_64 | 0.8.7 | 163.00 | NOTE | |||
r-release-windows-x86_64 | 0.8.7 | 63.00 | 196.00 | 259.00 | NOTE | |
r-oldrel-macos-arm64 | 0.8.7 | 105.00 | NOTE | |||
r-oldrel-macos-x86_64 | 0.8.7 | 179.00 | NOTE | |||
r-oldrel-windows-x86_64 | 0.8.7 | 60.00 | 206.00 | 266.00 | NOTE |
Version: 0.8.7
Check: LazyData
Result: NOTE
'LazyData' is specified without a 'data' directory
Flavors: r-devel-linux-x86_64-debian-clang, r-devel-linux-x86_64-debian-gcc, r-devel-linux-x86_64-fedora-clang, r-devel-linux-x86_64-fedora-gcc, r-devel-windows-x86_64, r-patched-linux-x86_64, r-release-linux-x86_64, r-release-macos-arm64, r-release-macos-x86_64, r-release-windows-x86_64, r-oldrel-macos-arm64, r-oldrel-macos-x86_64, r-oldrel-windows-x86_64
Version: 0.8.7
Check: installed package size
Result: NOTE
installed size is 5.2Mb
sub-directories of 1Mb or more:
R 5.1Mb
Flavors: r-release-macos-arm64, r-release-macos-x86_64, r-oldrel-macos-arm64