CRAN Package Check Results for Package immuneSIM

Last updated on 2024-06-16 00:58:22 CEST.

Flavor Version Tinstall Tcheck Ttotal Status Flags
r-devel-linux-x86_64-debian-clang 0.8.7 49.52 204.31 253.83 NOTE
r-devel-linux-x86_64-debian-gcc 0.8.7 44.59 155.44 200.03 NOTE
r-devel-linux-x86_64-fedora-clang 0.8.7 337.70 NOTE
r-devel-linux-x86_64-fedora-gcc 0.8.7 231.16 NOTE
r-devel-windows-x86_64 0.8.7 44.00 147.00 191.00 NOTE
r-patched-linux-x86_64 0.8.7 52.38 200.39 252.77 NOTE
r-release-linux-x86_64 0.8.7 48.33 196.41 244.74 NOTE
r-release-macos-arm64 0.8.7 93.00 NOTE
r-release-macos-x86_64 0.8.7 147.00 NOTE
r-release-windows-x86_64 0.8.7 46.00 154.00 200.00 NOTE
r-oldrel-macos-arm64 0.8.7 105.00 NOTE
r-oldrel-macos-x86_64 0.8.7 163.00 NOTE
r-oldrel-windows-x86_64 0.8.7 61.00 192.00 253.00 NOTE

Check Details

Version: 0.8.7
Check: LazyData
Result: NOTE 'LazyData' is specified without a 'data' directory Flavors: r-devel-linux-x86_64-debian-clang, r-devel-linux-x86_64-debian-gcc, r-devel-linux-x86_64-fedora-clang, r-devel-linux-x86_64-fedora-gcc, r-devel-windows-x86_64, r-patched-linux-x86_64, r-release-linux-x86_64, r-release-macos-arm64, r-release-macos-x86_64, r-release-windows-x86_64, r-oldrel-macos-arm64, r-oldrel-macos-x86_64, r-oldrel-windows-x86_64

Version: 0.8.7
Check: installed package size
Result: NOTE installed size is 5.2Mb sub-directories of 1Mb or more: R 5.1Mb Flavors: r-release-macos-arm64, r-release-macos-x86_64, r-oldrel-macos-arm64, r-oldrel-macos-x86_64