Last updated on 2024-03-28 23:55:09 CET.
Flavor | Version | Tinstall | Tcheck | Ttotal | Status | Flags |
---|---|---|---|---|---|---|
r-devel-linux-x86_64-debian-clang | 3.3.2 | 14.51 | 351.06 | 365.57 | OK | |
r-devel-linux-x86_64-debian-gcc | 3.3.2 | 10.34 | 259.52 | 269.86 | OK | |
r-devel-linux-x86_64-fedora-clang | 3.3.2 | 441.00 | NOTE | |||
r-devel-linux-x86_64-fedora-gcc | 3.3.2 | 444.39 | OK | |||
r-devel-windows-x86_64 | 3.3.2 | 14.00 | 283.00 | 297.00 | NOTE | |
r-patched-linux-x86_64 | 3.3.2 | 18.12 | 345.32 | 363.44 | OK | |
r-release-linux-x86_64 | 3.3.2 | 9.91 | 341.51 | 351.42 | OK | |
r-release-macos-arm64 | 3.3.2 | 131.00 | NOTE | |||
r-release-macos-x86_64 | 3.3.2 | 275.00 | NOTE | |||
r-release-windows-x86_64 | 3.3.2 | 19.00 | 361.00 | 380.00 | NOTE | |
r-oldrel-macos-arm64 | 3.3.2 | 133.00 | NOTE | |||
r-oldrel-windows-x86_64 | 3.3.2 | 19.00 | 359.00 | 378.00 | NOTE |
Version: 3.3.2
Check: installed package size
Result: NOTE
installed size is 10.5Mb
sub-directories of 1Mb or more:
doc 9.9Mb
Flavors: r-devel-linux-x86_64-fedora-clang, r-devel-windows-x86_64, r-release-macos-arm64, r-release-macos-x86_64, r-release-windows-x86_64, r-oldrel-macos-arm64, r-oldrel-windows-x86_64
Version: 3.3.2
Check: Rd cross-references
Result: NOTE
Undeclared package ‘DT’ in Rd xrefs
Flavor: r-devel-linux-x86_64-fedora-clang