CRAN Package Check Results for Package incR

Last updated on 2021-12-06 04:50:38 CET.

Flavor Version Tinstall Tcheck Ttotal Status Flags
r-devel-linux-x86_64-debian-clang 1.1.0 2.93 48.60 51.53 OK
r-devel-linux-x86_64-debian-gcc 1.1.0 2.56 37.93 40.49 OK
r-devel-linux-x86_64-fedora-clang 1.1.0 63.97 NOTE
r-devel-linux-x86_64-fedora-gcc 1.1.0 53.18 NOTE
r-devel-windows-x86_64-new-UL 1.1.0 10.00 88.00 98.00 OK
r-devel-windows-x86_64-new-TK 1.1.0 NOTE
r-devel-windows-x86_64-old 1.1.0 6.00 53.00 59.00 OK
r-patched-linux-x86_64 1.1.0 6.76 36.81 43.57 OK
r-release-linux-x86_64 1.1.0 3.03 44.75 47.78 OK
r-release-macos-arm64 1.1.0 NOTE
r-release-macos-x86_64 1.1.0 NOTE
r-release-windows-ix86+x86_64 1.1.0 7.00 60.00 67.00 OK
r-oldrel-macos-x86_64 1.1.0 NOTE
r-oldrel-windows-ix86+x86_64 1.1.0 7.00 63.00 70.00 OK

Check Details

Version: 1.1.0
Check: dependencies in R code
Result: NOTE
    Namespaces in Imports field not imported from:
     ‘dplyr’ ‘rgeos’
     All declared Imports should be used.
Flavors: r-devel-linux-x86_64-fedora-clang, r-devel-linux-x86_64-fedora-gcc, r-devel-windows-x86_64-new-TK, r-release-macos-arm64, r-release-macos-x86_64, r-oldrel-macos-x86_64