Last updated on 2023-06-05 09:54:03 CEST.
Flavor | Version | Tinstall | Tcheck | Ttotal | Status | Flags |
---|---|---|---|---|---|---|
r-devel-linux-x86_64-debian-clang | 1.0.1 | 24.87 | 59.65 | 84.52 | NOTE | |
r-devel-linux-x86_64-debian-gcc | 1.0.1 | 19.65 | 45.00 | 64.65 | NOTE | |
r-devel-linux-x86_64-fedora-clang | 1.0.1 | 116.11 | NOTE | |||
r-devel-linux-x86_64-fedora-gcc | 1.0.1 | 108.17 | NOTE | |||
r-devel-windows-x86_64 | 1.0.1 | 22.00 | 87.00 | 109.00 | NOTE | |
r-patched-linux-x86_64 | 1.0.1 | 25.37 | 54.69 | 80.06 | NOTE | |
r-release-linux-x86_64 | 1.0.1 | 16.24 | 55.36 | 71.60 | NOTE | |
r-release-macos-arm64 | 1.0.1 | 35.00 | NOTE | |||
r-release-macos-x86_64 | 1.0.1 | 61.00 | NOTE | |||
r-release-windows-x86_64 | 1.0.1 | 30.00 | 98.00 | 128.00 | NOTE | |
r-oldrel-macos-arm64 | 1.0.1 | 33.00 | NOTE | |||
r-oldrel-macos-x86_64 | 1.0.1 | 64.00 | NOTE | |||
r-oldrel-windows-x86_64 | 1.0.1 | 28.00 | 95.00 | 123.00 | OK |
Version: 1.0.1
Check: C++ specification
Result: NOTE
Specified C++11: please drop specification unless essential
Flavors: r-devel-linux-x86_64-debian-clang, r-devel-linux-x86_64-debian-gcc, r-devel-linux-x86_64-fedora-clang, r-devel-linux-x86_64-fedora-gcc, r-devel-windows-x86_64, r-patched-linux-x86_64, r-release-linux-x86_64, r-release-macos-arm64, r-release-macos-x86_64, r-release-windows-x86_64
Version: 1.0.1
Check: dependencies in R code
Result: NOTE
Namespace in Imports field not imported from: ‘testthat’
All declared Imports should be used.
Flavors: r-devel-linux-x86_64-fedora-clang, r-devel-linux-x86_64-fedora-gcc, r-oldrel-macos-arm64, r-oldrel-macos-x86_64