Last updated on 2024-08-13 17:48:16 CEST.
Flavor | Version | Tinstall | Tcheck | Ttotal | Status | Flags |
---|---|---|---|---|---|---|
r-devel-linux-x86_64-debian-clang | 1.7.14 | 5.31 | 105.36 | 110.67 | NOTE | |
r-devel-linux-x86_64-debian-gcc | 1.7.14 | 3.67 | 64.47 | 68.14 | NOTE | |
r-devel-linux-x86_64-fedora-clang | 1.7.14 | 182.01 | OK | |||
r-devel-linux-x86_64-fedora-gcc | 1.7.14 | 185.30 | OK | |||
r-devel-windows-x86_64 | 1.7.14 | 7.00 | 111.00 | 118.00 | NOTE | |
r-patched-linux-x86_64 | 1.7.14 | 6.34 | 98.55 | 104.89 | OK | |
r-release-linux-x86_64 | 1.7.14 | 4.76 | 99.46 | 104.22 | OK | |
r-release-macos-arm64 | 1.7.14 | 49.00 | OK | |||
r-release-macos-x86_64 | 1.7.14 | 87.00 | OK | |||
r-release-windows-x86_64 | 1.7.14 | 6.00 | 120.00 | 126.00 | OK | |
r-oldrel-macos-arm64 | 1.7.14 | 65.00 | OK | |||
r-oldrel-macos-x86_64 | 1.7.14 | 159.00 | OK | |||
r-oldrel-windows-x86_64 | 1.7.14 | 7.00 | 138.00 | 145.00 | OK |
Version: 1.7.14
Check: Rd cross-references
Result: NOTE
Found the following Rd file(s) with Rd \link{} targets missing package
anchors:
indicators.Rd: how
multipatt.Rd: how
signassoc.Rd: how
Please provide package anchors for all Rd \link{} targets not in the
package itself and the base packages.
Flavors: r-devel-linux-x86_64-debian-clang, r-devel-linux-x86_64-debian-gcc, r-devel-windows-x86_64