Last updated on 2024-04-18 16:49:57 CEST.
Flavor | Version | Tinstall | Tcheck | Ttotal | Status | Flags |
---|---|---|---|---|---|---|
r-devel-linux-x86_64-debian-clang | 0.1.0 | 7.22 | 53.94 | 61.16 | NOTE | |
r-devel-linux-x86_64-debian-gcc | 0.1.0 | 5.97 | 40.37 | 46.34 | NOTE | |
r-devel-linux-x86_64-fedora-clang | 0.1.0 | 80.95 | NOTE | |||
r-devel-linux-x86_64-fedora-gcc | 0.1.0 | 78.83 | NOTE | |||
r-prerel-macos-arm64 | 0.1.0 | 26.00 | NOTE | |||
r-prerel-windows-x86_64 | 0.1.0 | 8.00 | 61.00 | 69.00 | NOTE | |
r-patched-linux-x86_64 | 0.1.0 | 4.56 | 50.26 | 54.82 | NOTE | |
r-release-linux-x86_64 | 0.1.0 | 4.61 | 52.08 | 56.69 | OK | |
r-release-macos-arm64 | 0.1.0 | 26.00 | OK | |||
r-release-macos-x86_64 | 0.1.0 | 41.00 | OK | |||
r-release-windows-x86_64 | 0.1.0 | 9.00 | 70.00 | 79.00 | OK | |
r-oldrel-macos-arm64 | 0.1.0 | 26.00 | NOTE | |||
r-oldrel-windows-x86_64 | 0.1.0 | 11.00 | 75.00 | 86.00 | OK |
Version: 0.1.0
Check: Rd files
Result: NOTE
checkRd: (-1) process_stats.Rd:11: Lost braces; missing escapes or markup?
11 | the {janitor} package}
| ^
checkRd: (-1) theme_industRial.Rd:40: Lost braces; missing escapes or markup?
40 | adapted from the package {cowplot} by Claus O.Wilke and reflects the principles
| ^
checkRd: (-1) theme_industRial.Rd:45: Lost braces; missing escapes or markup?
45 | It basically combines the half open theme with a grid background from {cowplot}
| ^
Flavors: r-devel-linux-x86_64-debian-clang, r-devel-linux-x86_64-debian-gcc, r-devel-linux-x86_64-fedora-clang, r-devel-linux-x86_64-fedora-gcc, r-prerel-macos-arm64, r-prerel-windows-x86_64, r-patched-linux-x86_64
Version: 0.1.0
Check: data for non-ASCII characters
Result: NOTE
Note: found 2 marked UTF-8 strings
Flavors: r-devel-linux-x86_64-fedora-clang, r-devel-linux-x86_64-fedora-gcc, r-oldrel-macos-arm64