Last updated on 2023-12-01 00:51:59 CET.
Flavor | Version | Tinstall | Tcheck | Ttotal | Status | Flags |
---|---|---|---|---|---|---|
r-devel-linux-x86_64-debian-clang | 0.1.0 | 7.67 | 53.43 | 61.10 | NOTE | |
r-devel-linux-x86_64-debian-gcc | 0.1.0 | 5.93 | 39.95 | 45.88 | NOTE | |
r-devel-linux-x86_64-fedora-clang | 0.1.0 | 73.06 | NOTE | |||
r-devel-linux-x86_64-fedora-gcc | 0.1.0 | 69.50 | NOTE | |||
r-devel-windows-x86_64 | 0.1.0 | 7.00 | 64.00 | 71.00 | OK | |
r-patched-linux-x86_64 | 0.1.0 | 4.74 | 50.29 | 55.03 | OK | |
r-release-linux-x86_64 | 0.1.0 | 4.39 | 50.27 | 54.66 | OK | |
r-release-macos-arm64 | 0.1.0 | 26.00 | OK | |||
r-release-macos-x86_64 | 0.1.0 | 41.00 | OK | |||
r-release-windows-x86_64 | 0.1.0 | 10.00 | 71.00 | 81.00 | OK | |
r-oldrel-macos-arm64 | 0.1.0 | 26.00 | NOTE | |||
r-oldrel-macos-x86_64 | 0.1.0 | 47.00 | NOTE | |||
r-oldrel-windows-x86_64 | 0.1.0 | 10.00 | 73.00 | 83.00 | OK |
Version: 0.1.0
Check: Rd files
Result: NOTE
checkRd: (-1) process_stats.Rd:11: Lost braces; missing escapes or markup?
11 | the {janitor} package}
| ^
checkRd: (-1) theme_industRial.Rd:40: Lost braces; missing escapes or markup?
40 | adapted from the package {cowplot} by Claus O.Wilke and reflects the principles
| ^
checkRd: (-1) theme_industRial.Rd:45: Lost braces; missing escapes or markup?
45 | It basically combines the half open theme with a grid background from {cowplot}
| ^
Flavors: r-devel-linux-x86_64-debian-clang, r-devel-linux-x86_64-debian-gcc
Version: 0.1.0
Check: data for non-ASCII characters
Result: NOTE
Note: found 2 marked UTF-8 strings
Flavors: r-devel-linux-x86_64-fedora-clang, r-devel-linux-x86_64-fedora-gcc, r-oldrel-macos-arm64, r-oldrel-macos-x86_64