CRAN Package Check Results for Package inferference

Last updated on 2023-12-10 00:55:47 CET.

Flavor Version Tinstall Tcheck Ttotal Status Flags
r-devel-linux-x86_64-debian-clang 1.0.2 3.51 49.60 53.11 NOTE
r-devel-linux-x86_64-debian-gcc 1.0.2 2.91 37.06 39.97 NOTE
r-devel-linux-x86_64-fedora-clang 1.0.2 65.88 OK
r-devel-linux-x86_64-fedora-gcc 1.0.2 403.35 OK
r-devel-windows-x86_64 1.0.2 4.00 60.00 64.00 OK
r-patched-linux-x86_64 1.0.2 11.28 47.74 59.02 OK
r-release-linux-x86_64 1.0.2 2.20 47.14 49.34 OK
r-release-macos-arm64 1.0.2 101.00 OK
r-release-macos-x86_64 1.0.2 189.00 OK
r-release-windows-x86_64 1.0.2 5.00 65.00 70.00 OK
r-oldrel-macos-arm64 1.0.2 85.00 OK
r-oldrel-macos-x86_64 1.0.2 154.00 OK
r-oldrel-windows-x86_64 1.0.2 6.00 66.00 72.00 OK

Check Details

Version: 1.0.2
Check: Rd files
Result: NOTE checkRd: (-1) vaccinesim.Rd:10: Lost braces in \itemize; meant \describe ? checkRd: (-1) vaccinesim.Rd:11: Lost braces in \itemize; meant \describe ? checkRd: (-1) vaccinesim.Rd:12: Lost braces in \itemize; meant \describe ? checkRd: (-1) vaccinesim.Rd:13: Lost braces in \itemize; meant \describe ? checkRd: (-1) vaccinesim.Rd:14: Lost braces in \itemize; meant \describe ? checkRd: (-1) vaccinesim.Rd:15: Lost braces in \itemize; meant \describe ? checkRd: (-1) voters.Rd:10: Lost braces in \itemize; meant \describe ? checkRd: (-1) voters.Rd:11: Lost braces in \itemize; meant \describe ? checkRd: (-1) voters.Rd:12: Lost braces in \itemize; meant \describe ? checkRd: (-1) voters.Rd:13: Lost braces in \itemize; meant \describe ? checkRd: (-1) voters.Rd:14: Lost braces in \itemize; meant \describe ? checkRd: (-1) voters.Rd:15: Lost braces in \itemize; meant \describe ? checkRd: (-1) voters.Rd:16: Lost braces in \itemize; meant \describe ? checkRd: (-1) voters.Rd:17: Lost braces in \itemize; meant \describe ? checkRd: (-1) voters.Rd:18: Lost braces in \itemize; meant \describe ? Flavors: r-devel-linux-x86_64-debian-clang, r-devel-linux-x86_64-debian-gcc