CRAN Package Check Results for Package influenceAUC

Last updated on 2021-11-30 20:49:19 CET.

Flavor Version Tinstall Tcheck Ttotal Status Flags
r-devel-linux-x86_64-debian-clang 0.1.2 5.90 59.50 65.40 NOTE
r-devel-linux-x86_64-debian-gcc 0.1.2 4.31 44.12 48.43 NOTE
r-devel-linux-x86_64-fedora-clang 0.1.2 88.12 NOTE
r-devel-linux-x86_64-fedora-gcc 0.1.2 74.27 NOTE
r-devel-windows-x86_64-new-UL 0.1.2 13.00 97.00 110.00 NOTE
r-devel-windows-x86_64-new-TK 0.1.2 NOTE
r-devel-windows-x86_64-old 0.1.2 11.00 60.00 71.00 NOTE
r-patched-linux-x86_64 0.1.2 5.25 53.24 58.49 NOTE
r-patched-solaris-x86 0.1.2 104.00 NOTE
r-release-linux-x86_64 0.1.2 5.33 53.84 59.17 NOTE
r-release-macos-arm64 0.1.2 NOTE
r-release-macos-x86_64 0.1.2 NOTE
r-release-windows-ix86+x86_64 0.1.2 17.00 60.00 77.00 NOTE
r-oldrel-macos-x86_64 0.1.2 OK
r-oldrel-windows-ix86+x86_64 0.1.2 11.00 58.00 69.00 OK

Check Details

Version: 0.1.2
Check: LazyData
Result: NOTE
     'LazyData' is specified without a 'data' directory
Flavors: r-devel-linux-x86_64-debian-clang, r-devel-linux-x86_64-debian-gcc, r-devel-linux-x86_64-fedora-clang, r-devel-linux-x86_64-fedora-gcc, r-devel-windows-x86_64-new-UL, r-devel-windows-x86_64-new-TK, r-devel-windows-x86_64-old, r-patched-linux-x86_64, r-patched-solaris-x86, r-release-linux-x86_64, r-release-macos-arm64, r-release-macos-x86_64, r-release-windows-ix86+x86_64