CRAN Package Check Results for Package inldata

Last updated on 2021-11-30 04:59:54 CET.

Flavor Version Tinstall Tcheck Ttotal Status Flags
r-devel-linux-x86_64-debian-clang 1.0.3 18.56 64.45 83.01 OK
r-devel-linux-x86_64-debian-gcc 1.0.3 15.80 50.09 65.89 OK
r-devel-linux-x86_64-fedora-clang 1.0.3 106.68 NOTE
r-devel-linux-x86_64-fedora-gcc 1.0.3 95.59 NOTE
r-devel-windows-x86_64-new-UL 1.0.3 30.00 112.00 142.00 OK
r-devel-windows-x86_64-new-TK 1.0.3 NOTE
r-devel-windows-x86_64-old 1.0.3 24.00 80.00 104.00 OK
r-patched-linux-x86_64 1.0.3 19.17 62.89 82.06 OK
r-patched-solaris-x86 1.0.3 146.40 NOTE
r-release-linux-x86_64 1.0.3 16.15 61.92 78.07 OK
r-release-macos-arm64 1.0.3 NOTE
r-release-macos-x86_64 1.0.3 NOTE
r-release-windows-ix86+x86_64 1.0.3 25.00 77.00 102.00 OK
r-oldrel-macos-x86_64 1.0.3 NOTE
r-oldrel-windows-ix86+x86_64 1.0.3 18.00 78.00 96.00 OK

Check Details

Version: 1.0.3
Check: dependencies in R code
Result: NOTE
    Namespaces in Imports field not imported from:
     ‘raster’ ‘sp’
     All declared Imports should be used.
Flavors: r-devel-linux-x86_64-fedora-clang, r-devel-linux-x86_64-fedora-gcc, r-devel-windows-x86_64-new-TK, r-patched-solaris-x86, r-release-macos-arm64, r-release-macos-x86_64, r-oldrel-macos-x86_64