CRAN Package Check Results for Package inlinedocs

Last updated on 2022-12-02 09:52:57 CET.

Flavor Version Tinstall Tcheck Ttotal Status Flags
r-devel-linux-x86_64-debian-clang 2019.12.5 5.74 38.76 44.50 OK
r-devel-linux-x86_64-debian-gcc 2019.12.5 4.68 29.36 34.04 OK
r-devel-linux-x86_64-fedora-clang 2019.12.5 63.01 NOTE
r-devel-linux-x86_64-fedora-gcc 2019.12.5 64.36 OK
r-devel-windows-x86_64 2019.12.5 37.00 88.00 125.00 OK
r-patched-linux-x86_64 2019.12.5 5.85 35.78 41.63 OK
r-release-linux-x86_64 2019.12.5 4.16 35.84 40.00 OK
r-release-macos-arm64 2019.12.5 23.00 OK
r-release-macos-x86_64 2019.12.5 31.00 OK
r-release-windows-x86_64 2019.12.5 75.00 82.00 157.00 OK
r-oldrel-macos-arm64 2019.12.5 27.00 OK
r-oldrel-macos-x86_64 2019.12.5 39.00 OK
r-oldrel-windows-ix86+x86_64 2019.12.5 10.00 64.00 74.00 OK

Check Details

Version: 2019.12.5
Check: Rd cross-references
Result: NOTE
    Undeclared package ‘R.methodsS3’ in Rd xrefs
Flavor: r-devel-linux-x86_64-fedora-clang