Last updated on 2024-04-27 00:58:04 CEST.
Flavor | Version | Tinstall | Tcheck | Ttotal | Status | Flags |
---|---|---|---|---|---|---|
r-devel-linux-x86_64-debian-clang | 0.1.2 | 133.77 | 35.05 | 168.82 | NOTE | |
r-devel-linux-x86_64-debian-gcc | 0.1.2 | 94.58 | 26.33 | 120.91 | NOTE | |
r-devel-linux-x86_64-fedora-clang | 0.1.2 | 248.29 | NOTE | |||
r-devel-linux-x86_64-fedora-gcc | 0.1.2 | 233.93 | NOTE | |||
r-devel-windows-x86_64 | 0.1.2 | 90.00 | 66.00 | 156.00 | NOTE | |
r-patched-linux-x86_64 | 0.1.2 | 120.60 | 33.32 | 153.92 | NOTE | |
r-release-linux-x86_64 | 0.1.2 | 118.71 | 33.03 | 151.74 | NOTE | |
r-release-macos-arm64 | 0.1.2 | 41.00 | NOTE | |||
r-release-windows-x86_64 | 0.1.2 | 90.00 | 66.00 | 156.00 | NOTE | |
r-oldrel-macos-arm64 | 0.1.2 | 49.00 | NOTE | |||
r-oldrel-macos-x86_64 | 0.1.2 | 94.00 | NOTE | |||
r-oldrel-windows-x86_64 | 0.1.2 | 87.00 | 74.00 | 161.00 | NOTE |
Version: 0.1.2
Check: LazyData
Result: NOTE
'LazyData' is specified without a 'data' directory
Flavors: r-devel-linux-x86_64-debian-clang, r-devel-linux-x86_64-debian-gcc, r-devel-linux-x86_64-fedora-clang, r-devel-linux-x86_64-fedora-gcc, r-devel-windows-x86_64, r-patched-linux-x86_64, r-release-linux-x86_64, r-release-macos-arm64, r-release-windows-x86_64, r-oldrel-macos-arm64, r-oldrel-macos-x86_64, r-oldrel-windows-x86_64