CRAN Package Check Results for Package installr

Last updated on 2023-06-07 17:55:40 CEST.

Flavor Version Tinstall Tcheck Ttotal Status Flags
r-devel-linux-x86_64-debian-clang 0.23.4 7.29 60.30 67.59 OK
r-devel-linux-x86_64-debian-gcc 0.23.4 5.09 46.98 52.07 OK
r-devel-linux-x86_64-fedora-clang 0.23.4 84.49 OK
r-devel-linux-x86_64-fedora-gcc 0.23.4 91.78 NOTE
r-devel-windows-x86_64 0.23.4 9.00 82.00 91.00 OK
r-patched-linux-x86_64 0.23.4 8.11 59.50 67.61 OK
r-release-linux-x86_64 0.23.4 6.64 58.50 65.14 OK
r-release-macos-arm64 0.23.4 34.00 OK
r-release-macos-x86_64 0.23.4 48.00 OK
r-release-windows-x86_64 0.23.4 8.00 92.00 100.00 OK
r-oldrel-macos-arm64 0.23.4 30.00 OK
r-oldrel-macos-x86_64 0.23.4 49.00 OK
r-oldrel-windows-x86_64 0.23.4 9.00 78.00 87.00 OK

Check Details

Version: 0.23.4
Check: for non-standard things in the check directory
Result: NOTE
    Found the following files/directories:
     ‘pkgbuild’
Flavor: r-devel-linux-x86_64-fedora-gcc