Last updated on 2024-04-24 16:54:34 CEST.
Flavor | Version | Tinstall | Tcheck | Ttotal | Status | Flags |
---|---|---|---|---|---|---|
r-devel-linux-x86_64-debian-clang | 1.0 | 1.80 | 20.22 | 22.02 | NOTE | |
r-devel-linux-x86_64-debian-gcc | 1.0 | 1.31 | 15.85 | 17.16 | NOTE | |
r-devel-linux-x86_64-fedora-clang | 1.0 | 28.06 | NOTE | |||
r-devel-linux-x86_64-fedora-gcc | 1.0 | 27.70 | NOTE | |||
r-devel-windows-x86_64 | 1.0 | 2.00 | 38.00 | 40.00 | NOTE | |
r-patched-linux-x86_64 | 1.0 | 2.03 | 19.87 | 21.90 | NOTE | |
r-release-linux-x86_64 | 1.0 | 1.84 | 19.68 | 21.52 | NOTE | |
r-release-macos-arm64 | 1.0 | 18.00 | NOTE | |||
r-release-windows-x86_64 | 1.0 | 2.00 | 38.00 | 40.00 | NOTE | |
r-oldrel-macos-arm64 | 1.0 | 17.00 | NOTE | |||
r-oldrel-macos-x86_64 | 1.0 | 18.00 | NOTE | |||
r-oldrel-windows-x86_64 | 1.0 | 2.00 | 37.00 | 39.00 | NOTE |
Version: 1.0
Check: DESCRIPTION meta-information
Result: NOTE
Malformed Title field: should not end in a period.
Flavors: r-devel-linux-x86_64-debian-clang, r-devel-linux-x86_64-debian-gcc, r-devel-linux-x86_64-fedora-clang, r-devel-linux-x86_64-fedora-gcc, r-devel-windows-x86_64, r-patched-linux-x86_64, r-release-linux-x86_64, r-release-macos-arm64, r-release-windows-x86_64, r-oldrel-macos-arm64, r-oldrel-macos-x86_64, r-oldrel-windows-x86_64