Last updated on 2024-04-24 16:54:34 CEST.
Flavor | Version | Tinstall | Tcheck | Ttotal | Status | Flags |
---|---|---|---|---|---|---|
r-devel-linux-x86_64-debian-clang | 0.7.2 | 21.20 | 177.41 | 198.61 | NOTE | |
r-devel-linux-x86_64-debian-gcc | 0.7.2 | 16.56 | 127.60 | 144.16 | NOTE | |
r-devel-linux-x86_64-fedora-clang | 0.7.2 | 240.48 | NOTE | |||
r-devel-linux-x86_64-fedora-gcc | 0.7.2 | 230.68 | NOTE | |||
r-devel-windows-x86_64 | 0.7.2 | 16.00 | 149.00 | 165.00 | NOTE | |
r-patched-linux-x86_64 | 0.7.2 | 18.50 | 170.24 | 188.74 | NOTE | |
r-release-linux-x86_64 | 0.7.2 | 18.92 | 174.24 | 193.16 | OK | |
r-release-macos-arm64 | 0.7.2 | 71.00 | OK | |||
r-release-windows-x86_64 | 0.7.2 | 17.00 | 146.00 | 163.00 | NOTE | |
r-oldrel-macos-arm64 | 0.7.2 | 69.00 | OK | |||
r-oldrel-macos-x86_64 | 0.7.2 | 119.00 | OK | |||
r-oldrel-windows-x86_64 | 0.7.2 | 22.00 | 192.00 | 214.00 | OK |
Version: 0.7.2
Check: Rd files
Result: NOTE
checkRd: (-1) model_performance.Rd:21: Lost braces in \itemize; meant \describe ?
checkRd: (-1) model_performance.Rd:22: Lost braces in \itemize; meant \describe ?
checkRd: (-1) model_performance.Rd:23: Lost braces in \itemize; meant \describe ?
Flavors: r-devel-linux-x86_64-debian-clang, r-devel-linux-x86_64-debian-gcc, r-devel-linux-x86_64-fedora-clang, r-devel-linux-x86_64-fedora-gcc, r-devel-windows-x86_64, r-patched-linux-x86_64, r-release-windows-x86_64