Last updated on 2023-06-02 18:52:47 CEST.
Flavor | Version | Tinstall | Tcheck | Ttotal | Status | Flags |
---|---|---|---|---|---|---|
r-devel-linux-x86_64-debian-clang | 0.1.6 | 35.33 | 345.99 | 381.32 | NOTE | |
r-devel-linux-x86_64-debian-gcc | 0.1.6 | 26.71 | 253.52 | 280.23 | NOTE | |
r-devel-linux-x86_64-fedora-clang | 0.1.6 | 502.98 | NOTE | |||
r-devel-linux-x86_64-fedora-gcc | 0.1.6 | 482.40 | NOTE | |||
r-devel-windows-x86_64 | 0.1.6 | 27.00 | 213.00 | 240.00 | NOTE | |
r-patched-linux-x86_64 | 0.1.6 | NOTE | ||||
r-release-linux-x86_64 | 0.1.6 | 29.21 | 326.27 | 355.48 | NOTE | |
r-release-macos-arm64 | 0.1.6 | 114.00 | NOTE | |||
r-release-macos-x86_64 | 0.1.6 | 208.00 | NOTE | |||
r-release-windows-x86_64 | 0.1.6 | 36.00 | 285.00 | 321.00 | NOTE | |
r-oldrel-macos-arm64 | 0.1.6 | 93.00 | NOTE | |||
r-oldrel-macos-x86_64 | 0.1.6 | 166.00 | NOTE | |||
r-oldrel-windows-x86_64 | 0.1.6 | 37.00 | 299.00 | 336.00 | NOTE |
Version: 0.1.6
Check: LazyData
Result: NOTE
'LazyData' is specified without a 'data' directory
Flavors: r-devel-linux-x86_64-debian-clang, r-devel-linux-x86_64-debian-gcc, r-devel-linux-x86_64-fedora-clang, r-devel-linux-x86_64-fedora-gcc, r-devel-windows-x86_64, r-patched-linux-x86_64, r-release-linux-x86_64, r-release-macos-arm64, r-release-macos-x86_64, r-release-windows-x86_64, r-oldrel-macos-arm64, r-oldrel-macos-x86_64, r-oldrel-windows-x86_64
Version: 0.1.6
Check: dependencies in R code
Result: NOTE
Namespace in Imports field not imported from: ‘grDevices’
All declared Imports should be used.
Flavors: r-devel-linux-x86_64-fedora-clang, r-devel-linux-x86_64-fedora-gcc, r-oldrel-macos-arm64, r-oldrel-macos-x86_64