Last updated on 2023-06-02 18:52:47 CEST.
Flavor | Version | Tinstall | Tcheck | Ttotal | Status | Flags |
---|---|---|---|---|---|---|
r-devel-linux-x86_64-debian-clang | 1.2.6 | 92.36 | 180.94 | 273.30 | NOTE | |
r-devel-linux-x86_64-debian-gcc | 1.2.6 | 73.65 | 132.45 | 206.10 | NOTE | |
r-devel-linux-x86_64-fedora-clang | 1.2.6 | 373.89 | NOTE | |||
r-devel-linux-x86_64-fedora-gcc | 1.2.6 | 354.30 | NOTE | |||
r-devel-windows-x86_64 | 1.2.6 | 75.00 | 155.00 | 230.00 | NOTE | |
r-patched-linux-x86_64 | 1.2.6 | NOTE | ||||
r-release-linux-x86_64 | 1.2.6 | 81.61 | 171.97 | 253.58 | NOTE | |
r-release-macos-arm64 | 1.2.6 | 90.00 | NOTE | |||
r-release-macos-x86_64 | 1.2.6 | 148.00 | NOTE | |||
r-release-windows-x86_64 | 1.2.6 | 97.00 | 199.00 | 296.00 | NOTE | |
r-oldrel-macos-arm64 | 1.2.6 | 80.00 | OK | |||
r-oldrel-macos-x86_64 | 1.2.6 | 115.00 | OK | |||
r-oldrel-windows-x86_64 | 1.2.6 | 95.00 | 188.00 | 283.00 | OK |
Version: 1.2.6
Check: C++ specification
Result: NOTE
Specified C++11: please drop specification unless essential
Flavors: r-devel-linux-x86_64-debian-clang, r-devel-linux-x86_64-debian-gcc, r-devel-linux-x86_64-fedora-clang, r-devel-linux-x86_64-fedora-gcc, r-devel-windows-x86_64, r-patched-linux-x86_64, r-release-linux-x86_64, r-release-macos-arm64, r-release-macos-x86_64, r-release-windows-x86_64