CRAN Package Check Results for Package interleave

Last updated on 2021-10-17 00:48:40 CEST.

Flavor Version Tinstall Tcheck Ttotal Status Flags
r-devel-linux-x86_64-debian-clang 0.1.1 29.41 25.65 55.06 NOTE
r-devel-linux-x86_64-debian-gcc 0.1.1 27.45 20.68 48.13 NOTE
r-devel-linux-x86_64-fedora-clang 0.1.1 96.27 NOTE
r-devel-linux-x86_64-fedora-gcc 0.1.1 83.20 NOTE
r-devel-windows-x86_64 0.1.1 39.00 43.00 82.00 NOTE
r-devel-windows-x86_64-gcc10-UCRT 0.1.1 NOTE
r-patched-linux-x86_64 0.1.1 32.89 25.42 58.31 NOTE
r-patched-solaris-x86 0.1.1 89.60 NOTE
r-release-linux-x86_64 0.1.1 31.56 25.11 56.67 NOTE
r-release-macos-arm64 0.1.1 NOTE
r-release-macos-x86_64 0.1.1 NOTE
r-release-windows-ix86+x86_64 0.1.1 63.00 65.00 128.00 NOTE
r-oldrel-macos-x86_64 0.1.1 OK
r-oldrel-windows-ix86+x86_64 0.1.1 85.00 71.00 156.00 OK

Check Details

Version: 0.1.1
Check: LazyData
Result: NOTE
     'LazyData' is specified without a 'data' directory
Flavors: r-devel-linux-x86_64-debian-clang, r-devel-linux-x86_64-debian-gcc, r-devel-linux-x86_64-fedora-clang, r-devel-linux-x86_64-fedora-gcc, r-devel-windows-x86_64, r-devel-windows-x86_64-gcc10-UCRT, r-patched-linux-x86_64, r-patched-solaris-x86, r-release-linux-x86_64, r-release-macos-arm64, r-release-macos-x86_64, r-release-windows-ix86+x86_64