Last updated on 2024-03-27 23:59:46 CET.
Flavor | Version | Tinstall | Tcheck | Ttotal | Status | Flags |
---|---|---|---|---|---|---|
r-devel-linux-x86_64-debian-clang | 0.2.3 | 17.18 | 145.73 | 162.91 | NOTE | |
r-devel-linux-x86_64-debian-gcc | 0.2.3 | 12.32 | 106.26 | 118.58 | NOTE | |
r-devel-linux-x86_64-fedora-clang | 0.2.3 | 204.20 | NOTE | |||
r-devel-linux-x86_64-fedora-gcc | 0.2.3 | 207.99 | NOTE | |||
r-devel-windows-x86_64 | 0.2.3 | 13.00 | 108.00 | 121.00 | NOTE | |
r-patched-linux-x86_64 | 0.2.3 | 18.70 | 140.80 | 159.50 | NOTE | |
r-release-linux-x86_64 | 0.2.3 | 11.38 | 138.92 | 150.30 | NOTE | |
r-release-macos-arm64 | 0.2.3 | 66.00 | NOTE | |||
r-release-macos-x86_64 | 0.2.3 | 109.00 | NOTE | |||
r-release-windows-x86_64 | 0.2.3 | 18.00 | 143.00 | 161.00 | NOTE | |
r-oldrel-macos-arm64 | 0.2.3 | 62.00 | NOTE | |||
r-oldrel-windows-x86_64 | 0.2.3 | 20.00 | 151.00 | 171.00 | NOTE |
Version: 0.2.3
Check: LazyData
Result: NOTE
'LazyData' is specified without a 'data' directory
Flavors: r-devel-linux-x86_64-debian-clang, r-devel-linux-x86_64-debian-gcc, r-devel-linux-x86_64-fedora-clang, r-devel-linux-x86_64-fedora-gcc, r-devel-windows-x86_64, r-patched-linux-x86_64, r-release-linux-x86_64, r-release-macos-arm64, r-release-macos-x86_64, r-release-windows-x86_64, r-oldrel-macos-arm64, r-oldrel-windows-x86_64