Last updated on 2024-03-28 23:55:09 CET.
Flavor | Version | Tinstall | Tcheck | Ttotal | Status | Flags |
---|---|---|---|---|---|---|
r-devel-linux-x86_64-debian-clang | 0.1.1 | 12.85 | 209.74 | 222.59 | OK | |
r-devel-linux-x86_64-debian-gcc | 0.1.1 | 9.47 | 154.91 | 164.38 | OK | |
r-devel-linux-x86_64-fedora-clang | 0.1.1 | 288.74 | NOTE | |||
r-devel-linux-x86_64-fedora-gcc | 0.1.1 | 286.56 | NOTE | |||
r-devel-windows-x86_64 | 0.1.1 | 13.00 | 173.00 | 186.00 | OK | |
r-patched-linux-x86_64 | 0.1.1 | 7.40 | 198.21 | 205.61 | OK | |
r-release-linux-x86_64 | 0.1.1 | 8.34 | 198.51 | 206.85 | OK | |
r-release-macos-arm64 | 0.1.1 | 90.00 | OK | |||
r-release-macos-x86_64 | 0.1.1 | 168.00 | OK | |||
r-release-windows-x86_64 | 0.1.1 | 17.00 | 212.00 | 229.00 | OK | |
r-oldrel-macos-arm64 | 0.1.1 | 66.00 | NOTE | |||
r-oldrel-windows-x86_64 | 0.1.1 | 16.00 | 233.00 | 249.00 | OK |
Version: 0.1.1
Check: dependencies in R code
Result: NOTE
Namespace in Imports field not imported from: ‘moonBook’
All declared Imports should be used.
Flavors: r-devel-linux-x86_64-fedora-clang, r-devel-linux-x86_64-fedora-gcc, r-oldrel-macos-arm64