Last updated on 2024-04-24 00:55:46 CEST.
Flavor | Version | Tinstall | Tcheck | Ttotal | Status | Flags |
---|---|---|---|---|---|---|
r-devel-linux-x86_64-debian-clang | 0.8.0 | 30.45 | 141.24 | 171.69 | NOTE | |
r-devel-linux-x86_64-debian-gcc | 0.8.0 | 23.65 | 132.77 | 156.42 | NOTE | |
r-devel-linux-x86_64-fedora-clang | 0.8.0 | 248.74 | NOTE | |||
r-devel-linux-x86_64-fedora-gcc | 0.8.0 | 240.57 | NOTE | |||
r-prerel-macos-arm64 | 0.8.0 | 61.00 | NOTE | |||
r-prerel-windows-x86_64 | 0.8.0 | 24.00 | 137.00 | 161.00 | NOTE | |
r-patched-linux-x86_64 | 0.8.0 | 27.19 | 168.95 | 196.14 | NOTE | |
r-release-linux-x86_64 | 0.8.0 | 31.06 | 156.07 | 187.13 | NOTE | |
r-release-macos-arm64 | 0.8.0 | 67.00 | NOTE | |||
r-release-macos-x86_64 | 0.8.0 | 119.00 | NOTE | |||
r-release-windows-x86_64 | 0.8.0 | 27.00 | 173.00 | 200.00 | NOTE | |
r-oldrel-macos-arm64 | 0.8.0 | 60.00 | NOTE | |||
r-oldrel-windows-x86_64 | 0.8.0 | 32.00 | 174.00 | 206.00 | NOTE |
Version: 0.8.0
Check: LazyData
Result: NOTE
'LazyData' is specified without a 'data' directory
Flavors: r-devel-linux-x86_64-debian-clang, r-devel-linux-x86_64-debian-gcc, r-devel-linux-x86_64-fedora-clang, r-devel-linux-x86_64-fedora-gcc, r-prerel-macos-arm64, r-prerel-windows-x86_64, r-patched-linux-x86_64, r-release-linux-x86_64, r-release-macos-arm64, r-release-macos-x86_64, r-release-windows-x86_64, r-oldrel-macos-arm64, r-oldrel-windows-x86_64