Last updated on 2024-04-20 08:50:57 CEST.
Flavor | Version | Tinstall | Tcheck | Ttotal | Status | Flags |
---|---|---|---|---|---|---|
r-devel-linux-x86_64-debian-clang | 0.1-2 | 1.70 | 37.35 | 39.05 | NOTE | |
r-devel-linux-x86_64-debian-gcc | 0.1-2 | 1.66 | 28.42 | 30.08 | NOTE | |
r-devel-linux-x86_64-fedora-clang | 0.1-2 | 49.37 | NOTE | |||
r-devel-linux-x86_64-fedora-gcc | 0.1-2 | 47.05 | NOTE | |||
r-prerel-macos-arm64 | 0.1-2 | 20.00 | NOTE | |||
r-prerel-windows-x86_64 | 0.1-2 | 2.00 | 44.00 | 46.00 | NOTE | |
r-patched-linux-x86_64 | 0.1-2 | 2.31 | 35.18 | 37.49 | NOTE | |
r-release-linux-x86_64 | 0.1-2 | 2.26 | 36.65 | 38.91 | NOTE | |
r-release-macos-arm64 | 0.1-2 | 20.00 | NOTE | |||
r-release-macos-x86_64 | 0.1-2 | 28.00 | NOTE | |||
r-release-windows-x86_64 | 0.1-2 | 6.00 | 52.00 | 58.00 | NOTE | |
r-oldrel-macos-arm64 | 0.1-2 | 21.00 | NOTE | |||
r-oldrel-windows-x86_64 | 0.1-2 | 7.00 | 59.00 | 66.00 | NOTE |
Version: 0.1-2
Check: LazyData
Result: NOTE
'LazyData' is specified without a 'data' directory
Flavors: r-devel-linux-x86_64-debian-clang, r-devel-linux-x86_64-debian-gcc, r-devel-linux-x86_64-fedora-clang, r-devel-linux-x86_64-fedora-gcc, r-prerel-macos-arm64, r-prerel-windows-x86_64, r-patched-linux-x86_64, r-release-linux-x86_64, r-release-macos-arm64, r-release-macos-x86_64, r-release-windows-x86_64, r-oldrel-macos-arm64, r-oldrel-windows-x86_64