CRAN Package Check Results for Package invacost

Last updated on 2022-06-25 00:50:48 CEST.

Flavor Version Tinstall Tcheck Ttotal Status Flags
r-devel-linux-x86_64-debian-clang 1.1-4 9.09 79.95 89.04 OK
r-devel-linux-x86_64-debian-gcc 1.1-4 5.34 60.40 65.74 OK
r-devel-linux-x86_64-fedora-clang 1.1-4 119.30 NOTE
r-devel-linux-x86_64-fedora-gcc 1.1-4 111.97 NOTE
r-devel-windows-x86_64 1.1-4 23.00 108.00 131.00 OK
r-patched-linux-x86_64 1.1-4 7.15 73.48 80.63 OK
r-release-linux-x86_64 1.1-4 6.88 74.94 81.82 OK
r-release-macos-arm64 1.1-4 34.00 NOTE
r-release-macos-x86_64 1.1-4 63.00 NOTE
r-release-windows-x86_64 1.1-4 21.00 107.00 128.00 OK
r-oldrel-macos-arm64 1.1-4 31.00 NOTE
r-oldrel-macos-x86_64 1.1-4 44.00 NOTE
r-oldrel-windows-ix86+x86_64 1.1-4 19.00 99.00 118.00 OK

Check Details

Version: 1.1-4
Check: data for non-ASCII characters
Result: NOTE
     Note: found 12106 marked UTF-8 strings
Flavors: r-devel-linux-x86_64-fedora-clang, r-devel-linux-x86_64-fedora-gcc, r-release-macos-arm64, r-release-macos-x86_64, r-oldrel-macos-arm64, r-oldrel-macos-x86_64