CRAN Package Check Results for Package inventorize

Last updated on 2021-10-17 00:48:40 CEST.

Flavor Version Tinstall Tcheck Ttotal Status Flags
r-devel-linux-x86_64-debian-clang 1.0.6 8.36 76.45 84.81 NOTE
r-devel-linux-x86_64-debian-gcc 1.0.6 6.98 56.59 63.57 NOTE
r-devel-linux-x86_64-fedora-clang 1.0.6 109.48 NOTE
r-devel-linux-x86_64-fedora-gcc 1.0.6 99.63 NOTE
r-devel-windows-x86_64 1.0.6 12.00 80.00 92.00 NOTE
r-devel-windows-x86_64-gcc10-UCRT 1.0.6 NOTE
r-patched-linux-x86_64 1.0.6 9.40 70.89 80.29 NOTE
r-patched-solaris-x86 1.0.6 135.00 NOTE
r-release-linux-x86_64 1.0.6 8.16 71.27 79.43 NOTE
r-release-macos-arm64 1.0.6 NOTE
r-release-macos-x86_64 1.0.6 NOTE
r-release-windows-ix86+x86_64 1.0.6 30.00 108.00 138.00 NOTE
r-oldrel-macos-x86_64 1.0.6 OK
r-oldrel-windows-ix86+x86_64 1.0.6 19.00 103.00 122.00 OK

Check Details

Version: 1.0.6
Check: LazyData
Result: NOTE
     'LazyData' is specified without a 'data' directory
Flavors: r-devel-linux-x86_64-debian-clang, r-devel-linux-x86_64-debian-gcc, r-devel-linux-x86_64-fedora-clang, r-devel-linux-x86_64-fedora-gcc, r-devel-windows-x86_64, r-devel-windows-x86_64-gcc10-UCRT, r-patched-linux-x86_64, r-patched-solaris-x86, r-release-linux-x86_64, r-release-macos-arm64, r-release-macos-x86_64, r-release-windows-ix86+x86_64