CRAN Package Check Results for Package io

Last updated on 2023-06-02 16:57:06 CEST.

Flavor Version Tinstall Tcheck Ttotal Status Flags
r-devel-linux-x86_64-debian-clang 0.3.2 5.50 41.01 46.51 OK
r-devel-linux-x86_64-debian-gcc 0.3.2 4.04 32.10 36.14 OK
r-devel-linux-x86_64-fedora-clang 0.3.2 57.82 OK
r-devel-linux-x86_64-fedora-gcc 0.3.2 55.04 OK
r-devel-windows-x86_64 0.3.2 6.00 51.00 57.00 OK
r-patched-linux-x86_64 0.3.2 OK
r-release-linux-x86_64 0.3.2 4.26 39.75 44.01 OK
r-release-macos-arm64 0.3.2 22.00 NOTE
r-release-macos-x86_64 0.3.2 30.00 NOTE
r-release-windows-x86_64 0.3.2 7.00 58.00 65.00 OK
r-oldrel-macos-arm64 0.3.2 21.00 NOTE
r-oldrel-macos-x86_64 0.3.2 26.00 OK
r-oldrel-windows-x86_64 0.3.2 7.00 56.00 63.00 OK

Check Details

Version: 0.3.2
Check: package dependencies
Result: NOTE
    Package suggested but not available for checking: ‘rhdf5’
Flavors: r-release-macos-arm64, r-release-macos-x86_64, r-oldrel-macos-arm64