Last updated on 2024-03-28 23:55:09 CET.
Flavor | Version | Tinstall | Tcheck | Ttotal | Status | Flags |
---|---|---|---|---|---|---|
r-devel-linux-x86_64-debian-clang | 1.0.2 | 169.38 | 78.34 | 247.72 | OK | |
r-devel-linux-x86_64-debian-gcc | 1.0.2 | 130.49 | 58.98 | 189.47 | OK | |
r-devel-linux-x86_64-fedora-clang | 1.0.2 | 355.26 | OK | |||
r-devel-linux-x86_64-fedora-gcc | 1.0.2 | 387.56 | OK | |||
r-devel-windows-x86_64 | 1.0.2 | 136.00 | 103.00 | 239.00 | OK | |
r-patched-linux-x86_64 | 1.0.2 | 151.87 | 74.79 | 226.66 | OK | |
r-release-linux-x86_64 | 1.0.2 | 171.39 | 72.98 | 244.37 | OK | |
r-release-macos-arm64 | 1.0.2 | 95.00 | NOTE | |||
r-release-macos-x86_64 | 1.0.2 | 131.00 | NOTE | |||
r-release-windows-x86_64 | 1.0.2 | 165.00 | 128.00 | 293.00 | OK | |
r-oldrel-macos-arm64 | 1.0.2 | 81.00 | NOTE | |||
r-oldrel-windows-x86_64 | 1.0.2 | 154.00 | 128.00 | 282.00 | OK |
Version: 1.0.2
Check: installed package size
Result: NOTE
installed size is 6.9Mb
sub-directories of 1Mb or more:
libs 6.4Mb
Flavors: r-release-macos-arm64, r-release-macos-x86_64, r-oldrel-macos-arm64