CRAN Package Check Results for Package ipfr

Last updated on 2021-10-22 12:59:17 CEST.

Flavor Version Tinstall Tcheck Ttotal Status Flags
r-devel-linux-x86_64-debian-clang 1.0.2 5.63 153.37 159.00 NOTE
r-devel-linux-x86_64-debian-gcc 1.0.2 4.56 114.76 119.32 NOTE
r-devel-linux-x86_64-fedora-clang 1.0.2 190.08 NOTE
r-devel-linux-x86_64-fedora-gcc 1.0.2 182.34 NOTE
r-devel-windows-x86_64 1.0.2 11.00 188.00 199.00 NOTE
r-devel-windows-x86_64-gcc10-UCRT 1.0.2 NOTE
r-patched-linux-x86_64 1.0.2 4.16 149.29 153.45 NOTE
r-patched-solaris-x86 1.0.2 248.00 NOTE
r-release-linux-x86_64 1.0.2 4.73 148.50 153.23 NOTE
r-release-macos-arm64 1.0.2 NOTE
r-release-macos-x86_64 1.0.2 NOTE
r-release-windows-ix86+x86_64 1.0.2 27.00 189.00 216.00 NOTE
r-oldrel-macos-x86_64 1.0.2 OK
r-oldrel-windows-ix86+x86_64 1.0.2 14.00 243.00 257.00 OK

Check Details

Version: 1.0.2
Check: LazyData
Result: NOTE
     'LazyData' is specified without a 'data' directory
Flavors: r-devel-linux-x86_64-debian-clang, r-devel-linux-x86_64-debian-gcc, r-devel-linux-x86_64-fedora-clang, r-devel-linux-x86_64-fedora-gcc, r-devel-windows-x86_64, r-devel-windows-x86_64-gcc10-UCRT, r-patched-linux-x86_64, r-patched-solaris-x86, r-release-linux-x86_64, r-release-macos-arm64, r-release-macos-x86_64, r-release-windows-ix86+x86_64