Last updated on 2024-04-18 16:49:57 CEST.
Flavor | Version | Tinstall | Tcheck | Ttotal | Status | Flags |
---|---|---|---|---|---|---|
r-devel-linux-x86_64-debian-clang | 0.0.7 | 57.12 | 466.72 | 523.84 | NOTE | |
r-devel-linux-x86_64-debian-gcc | 0.0.7 | 38.86 | 332.47 | 371.33 | NOTE | |
r-devel-linux-x86_64-fedora-clang | 0.0.7 | 603.02 | NOTE | |||
r-devel-linux-x86_64-fedora-gcc | 0.0.7 | 611.30 | NOTE | |||
r-prerel-macos-arm64 | 0.0.7 | 113.00 | NOTE | |||
r-prerel-windows-x86_64 | 0.0.7 | 38.00 | 241.00 | 279.00 | NOTE | |
r-patched-linux-x86_64 | 0.0.7 | 47.90 | 443.40 | 491.30 | NOTE | |
r-release-linux-x86_64 | 0.0.7 | 47.64 | 436.98 | 484.62 | OK | |
r-release-macos-arm64 | 0.0.7 | 181.00 | OK | |||
r-release-macos-x86_64 | 0.0.7 | 328.00 | OK | |||
r-release-windows-x86_64 | 0.0.7 | 51.00 | 322.00 | 373.00 | OK | |
r-oldrel-macos-arm64 | 0.0.7 | 168.00 | OK | |||
r-oldrel-windows-x86_64 | 0.0.7 | 50.00 | 314.00 | 364.00 | OK |
Version: 0.0.7
Check: Rd files
Result: NOTE
checkRd: (-1) check_convergence.Rd:47: Lost braces
47 | \code{conv_plot}: code{ipm} invisibly.
| ^
checkRd: (-1) init_ipm.Rd:50-51: Lost braces in \itemize; meant \describe ?
checkRd: (-1) init_ipm.Rd:52-53: Lost braces in \itemize; meant \describe ?
checkRd: (-1) init_ipm.Rd:57: Lost braces in \itemize; meant \describe ?
checkRd: (-1) init_ipm.Rd:58: Lost braces in \itemize; meant \describe ?
checkRd: (-1) init_ipm.Rd:62: Lost braces in \itemize; meant \describe ?
checkRd: (-1) init_ipm.Rd:63-65: Lost braces in \itemize; meant \describe ?
checkRd: (-1) init_ipm.Rd:70-74: Lost braces in \itemize; meant \describe ?
checkRd: (-1) init_ipm.Rd:75-78: Lost braces in \itemize; meant \describe ?
checkRd: (-1) make_ipm.Rd:276: Lost braces in \itemize; \value handles \item{}{} directly
checkRd: (-1) make_ipm.Rd:277-281: Lost braces in \itemize; \value handles \item{}{} directly
checkRd: (-1) make_ipm.Rd:282-286: Lost braces in \itemize; \value handles \item{}{} directly
checkRd: (-1) make_ipm.Rd:287-291: Lost braces in \itemize; \value handles \item{}{} directly
checkRd: (-1) make_ipm.Rd:292-293: Lost braces in \itemize; \value handles \item{}{} directly
Flavors: r-devel-linux-x86_64-debian-clang, r-devel-linux-x86_64-debian-gcc, r-devel-linux-x86_64-fedora-clang, r-devel-linux-x86_64-fedora-gcc, r-prerel-macos-arm64, r-prerel-windows-x86_64, r-patched-linux-x86_64
Version: 0.0.7
Check: Rd cross-references
Result: NOTE
Undeclared package ‘Rpadrino’ in Rd xrefs
Flavor: r-devel-linux-x86_64-fedora-clang