CRAN Package Check Results for Package ipred

Last updated on 2020-10-19 17:49:19 CEST.

Flavor Version Tinstall Tcheck Ttotal Status Flags
r-devel-linux-x86_64-debian-clang 0.9-9 11.37 123.01 134.38 OK
r-devel-linux-x86_64-debian-gcc 0.9-9 9.44 92.26 101.70 OK
r-devel-linux-x86_64-fedora-clang 0.9-9 167.40 NOTE
r-devel-linux-x86_64-fedora-gcc 0.9-9 162.10 OK
r-devel-windows-ix86+x86_64 0.9-9 23.00 153.00 176.00 OK
r-patched-linux-x86_64 0.9-9 11.67 116.49 128.16 OK
r-patched-solaris-x86 0.9-9 216.30 OK
r-release-linux-x86_64 0.9-9 10.63 115.54 126.17 OK
r-release-macos-x86_64 0.9-9 OK
r-release-windows-ix86+x86_64 0.9-9 26.00 165.00 191.00 OK
r-oldrel-macos-x86_64 0.9-9 OK
r-oldrel-windows-ix86+x86_64 0.9-9 19.00 203.00 222.00 OK

Check Details

Version: 0.9-9
Check: Rd cross-references
Result: NOTE
    Undeclared packages ‘randomForest’, ‘party’ in Rd xrefs
Flavor: r-devel-linux-x86_64-fedora-clang