Last updated on 2024-03-28 23:55:09 CET.
Flavor | Version | Tinstall | Tcheck | Ttotal | Status | Flags |
---|---|---|---|---|---|---|
r-devel-linux-x86_64-debian-clang | 0.2.1 | 12.96 | 214.29 | 227.25 | NOTE | |
r-devel-linux-x86_64-debian-gcc | 0.2.1 | 9.06 | 157.63 | 166.69 | NOTE | |
r-devel-linux-x86_64-fedora-clang | 0.2.1 | 289.84 | NOTE | |||
r-devel-linux-x86_64-fedora-gcc | 0.2.1 | 286.70 | NOTE | |||
r-devel-windows-x86_64 | 0.2.1 | 14.00 | 176.00 | 190.00 | NOTE | |
r-patched-linux-x86_64 | 0.2.1 | 8.22 | 200.02 | 208.24 | NOTE | |
r-release-linux-x86_64 | 0.2.1 | 7.72 | 202.74 | 210.46 | NOTE | |
r-release-macos-arm64 | 0.2.1 | 105.00 | NOTE | |||
r-release-macos-x86_64 | 0.2.1 | 184.00 | NOTE | |||
r-release-windows-x86_64 | 0.2.1 | 17.00 | 229.00 | 246.00 | NOTE | |
r-oldrel-macos-arm64 | 0.2.1 | 93.00 | OK | |||
r-oldrel-windows-x86_64 | 0.2.1 | 17.00 | 224.00 | 241.00 | OK |
Version: 0.2.1
Check: Rd files
Result: NOTE
checkRd: (-1) ir_to_transmittance.Rd:49: Escaped LaTeX specials: \&
Flavors: r-devel-linux-x86_64-debian-clang, r-devel-linux-x86_64-debian-gcc, r-devel-linux-x86_64-fedora-clang, r-devel-linux-x86_64-fedora-gcc, r-devel-windows-x86_64, r-patched-linux-x86_64, r-release-linux-x86_64, r-release-macos-arm64, r-release-macos-x86_64, r-release-windows-x86_64