Last updated on 2023-06-05 16:54:57 CEST.
Flavor | Version | Tinstall | Tcheck | Ttotal | Status | Flags |
---|---|---|---|---|---|---|
r-devel-linux-x86_64-debian-clang | 3.5 | 9.80 | 108.47 | 118.27 | OK | |
r-devel-linux-x86_64-debian-gcc | 3.5 | 9.42 | 83.11 | 92.53 | OK | |
r-devel-linux-x86_64-fedora-clang | 3.5 | 145.69 | OK | |||
r-devel-linux-x86_64-fedora-gcc | 3.5 | 156.19 | OK | |||
r-devel-windows-x86_64 | 3.5 | 10.00 | 129.00 | 139.00 | OK | |
r-patched-linux-x86_64 | 3.5 | 11.30 | 101.14 | 112.44 | OK | |
r-release-linux-x86_64 | 3.5 | 10.17 | 103.20 | 113.37 | OK | |
r-release-macos-arm64 | 3.5 | 55.00 | NOTE | |||
r-release-macos-x86_64 | 3.5 | 134.00 | NOTE | |||
r-release-windows-x86_64 | 3.5 | 14.00 | 151.00 | 165.00 | OK | |
r-oldrel-macos-arm64 | 3.5 | 49.00 | NOTE | |||
r-oldrel-macos-x86_64 | 3.5 | 56.00 | NOTE | |||
r-oldrel-windows-x86_64 | 3.5 | 14.00 | 138.00 | 152.00 | OK |
Version: 3.5
Check: package dependencies
Result: NOTE
Package suggested but not available for checking: ‘Rmpi’
Flavors: r-release-macos-arm64, r-release-macos-x86_64, r-oldrel-macos-arm64, r-oldrel-macos-x86_64