Last updated on 2024-07-18 00:54:56 CEST.
Flavor | Version | Tinstall | Tcheck | Ttotal | Status | Flags |
---|---|---|---|---|---|---|
r-devel-linux-x86_64-debian-clang | 1.3 | 10.84 | 106.16 | 117.00 | OK | |
r-devel-linux-x86_64-debian-gcc | 1.3 | 6.32 | 77.30 | 83.62 | OK | |
r-devel-linux-x86_64-fedora-clang | 1.3 | 144.36 | OK | |||
r-devel-linux-x86_64-fedora-gcc | 1.3 | 147.50 | OK | |||
r-devel-windows-x86_64 | 1.3 | 9.00 | 101.00 | 110.00 | NOTE | |
r-patched-linux-x86_64 | 1.3 | 16.92 | 102.69 | 119.61 | OK | |
r-release-linux-x86_64 | 1.3 | 5.56 | 103.26 | 108.82 | OK | |
r-release-macos-arm64 | 1.3 | 51.00 | OK | |||
r-release-macos-x86_64 | 1.3 | 74.00 | OK | |||
r-release-windows-x86_64 | 1.3 | 9.00 | 101.00 | 110.00 | OK | |
r-oldrel-macos-arm64 | 1.3 | 54.00 | OK | |||
r-oldrel-macos-x86_64 | 1.3 | 85.00 | OK | |||
r-oldrel-windows-x86_64 | 1.3 | 12.00 | 123.00 | 135.00 | OK |
Version: 1.3
Check: Rd cross-references
Result: NOTE
Found the following Rd file(s) with Rd \link{} targets missing package
anchors:
parallel_coord.Rd: plotly
parameters_summarise.Rd: tibble
Please provide package anchors for all Rd \link{} targets not in the
package itself and the base packages.
Flavor: r-devel-windows-x86_64