Last updated on 2024-03-28 23:55:09 CET.
Flavor | Version | Tinstall | Tcheck | Ttotal | Status | Flags |
---|---|---|---|---|---|---|
r-devel-linux-x86_64-debian-clang | 0.2.0 | 32.08 | 207.52 | 239.60 | NOTE | |
r-devel-linux-x86_64-debian-gcc | 0.2.0 | 26.86 | 149.36 | 176.22 | NOTE | |
r-devel-linux-x86_64-fedora-clang | 0.2.0 | 299.77 | NOTE | |||
r-devel-linux-x86_64-fedora-gcc | 0.2.0 | 283.89 | NOTE | |||
r-devel-windows-x86_64 | 0.2.0 | 27.00 | 155.00 | 182.00 | NOTE | |
r-patched-linux-x86_64 | 0.2.0 | 24.19 | 193.65 | 217.84 | NOTE | |
r-release-linux-x86_64 | 0.2.0 | 21.73 | 197.28 | 219.01 | OK | |
r-release-macos-arm64 | 0.2.0 | 70.00 | OK | |||
r-release-macos-x86_64 | 0.2.0 | 150.00 | OK | |||
r-release-windows-x86_64 | 0.2.0 | 38.00 | 200.00 | 238.00 | OK | |
r-oldrel-macos-arm64 | 0.2.0 | 76.00 | OK | |||
r-oldrel-windows-x86_64 | 0.2.0 | 42.00 | 191.00 | 233.00 | OK |
Version: 0.2.0
Check: Rd files
Result: NOTE
checkRd: (-1) est_mg.Rd:284: Lost braces
284 | item parameter estimates across the groups in the code{\link{est_mg}} function.
| ^
checkRd: (-1) llike_score.Rd:22: Lost braces
22 | function. See \code{\link{est_irt}}, \code{\link{irtfit}}, \\code{\link{info}},
| ^
Flavors: r-devel-linux-x86_64-debian-clang, r-devel-linux-x86_64-debian-gcc, r-devel-linux-x86_64-fedora-clang, r-devel-linux-x86_64-fedora-gcc, r-devel-windows-x86_64, r-patched-linux-x86_64