Last updated on 2023-11-28 16:48:22 CET.
Flavor | Version | Tinstall | Tcheck | Ttotal | Status | Flags |
---|---|---|---|---|---|---|
r-devel-linux-x86_64-debian-clang | 0.2.0 | 29.99 | 205.06 | 235.05 | NOTE | |
r-devel-linux-x86_64-debian-gcc | 0.2.0 | 28.48 | 149.44 | 177.92 | NOTE | |
r-devel-linux-x86_64-fedora-clang | 0.2.0 | 284.42 | OK | |||
r-devel-linux-x86_64-fedora-gcc | 0.2.0 | 274.76 | OK | |||
r-devel-windows-x86_64 | 0.2.0 | 30.00 | 156.00 | 186.00 | OK | |
r-patched-linux-x86_64 | 0.2.0 | 29.96 | 193.12 | 223.08 | OK | |
r-release-linux-x86_64 | 0.2.0 | 22.50 | 192.65 | 215.15 | OK | |
r-release-macos-arm64 | 0.2.0 | 70.00 | OK | |||
r-release-macos-x86_64 | 0.2.0 | 150.00 | OK | |||
r-release-windows-x86_64 | 0.2.0 | 39.00 | 205.00 | 244.00 | OK | |
r-oldrel-macos-arm64 | 0.2.0 | 76.00 | OK | |||
r-oldrel-macos-x86_64 | 0.2.0 | 103.00 | OK | |||
r-oldrel-windows-x86_64 | 0.2.0 | 39.00 | 195.00 | 234.00 | OK |
Version: 0.2.0
Check: Rd files
Result: NOTE
checkRd: (-1) est_mg.Rd:284: Lost braces
284 | item parameter estimates across the groups in the code{\link{est_mg}} function.
| ^
checkRd: (-1) llike_score.Rd:22: Lost braces
22 | function. See \code{\link{est_irt}}, \code{\link{irtfit}}, \\code{\link{info}},
| ^
Flavors: r-devel-linux-x86_64-debian-clang, r-devel-linux-x86_64-debian-gcc