Last updated on 2023-06-08 08:55:24 CEST.
Flavor | Version | Tinstall | Tcheck | Ttotal | Status | Flags |
---|---|---|---|---|---|---|
r-devel-linux-x86_64-debian-clang | 0.4.0 | 4.81 | 86.37 | 91.18 | OK | |
r-devel-linux-x86_64-debian-gcc | 0.4.0 | 3.94 | 60.47 | 64.41 | OK | |
r-devel-linux-x86_64-fedora-clang | 0.4.0 | 110.81 | NOTE | |||
r-devel-linux-x86_64-fedora-gcc | 0.4.0 | 115.27 | NOTE | |||
r-devel-windows-x86_64 | 0.4.0 | 6.00 | 80.00 | 86.00 | OK | |
r-patched-linux-x86_64 | 0.4.0 | 4.77 | 78.62 | 83.39 | OK | |
r-release-linux-x86_64 | 0.4.0 | 5.07 | 79.79 | 84.86 | OK | |
r-release-macos-arm64 | 0.4.0 | 46.00 | OK | |||
r-release-macos-x86_64 | 0.4.0 | 66.00 | OK | |||
r-release-windows-x86_64 | 0.4.0 | 7.00 | 89.00 | 96.00 | OK | |
r-oldrel-macos-arm64 | 0.4.0 | 29.00 | NOTE | |||
r-oldrel-macos-x86_64 | 0.4.0 | 46.00 | NOTE | |||
r-oldrel-windows-x86_64 | 0.4.0 | 7.00 | 91.00 | 98.00 | OK |
Version: 0.4.0
Check: data for non-ASCII characters
Result: NOTE
Note: found 104 marked UTF-8 strings
Flavors: r-devel-linux-x86_64-fedora-clang, r-devel-linux-x86_64-fedora-gcc, r-oldrel-macos-arm64, r-oldrel-macos-x86_64