Last updated on 2024-04-26 08:55:00 CEST.
Flavor | Version | Tinstall | Tcheck | Ttotal | Status | Flags |
---|---|---|---|---|---|---|
r-devel-linux-x86_64-debian-clang | 0.2.7 | 10.21 | 44.55 | 54.76 | NOTE | |
r-devel-linux-x86_64-debian-gcc | 0.2.7 | 7.28 | 35.03 | 42.31 | NOTE | |
r-devel-linux-x86_64-fedora-clang | 0.2.7 | 86.59 | NOTE | |||
r-devel-linux-x86_64-fedora-gcc | 0.2.7 | 89.31 | NOTE | |||
r-devel-windows-x86_64 | 0.2.7 | 13.00 | 70.00 | 83.00 | NOTE | |
r-patched-linux-x86_64 | 0.2.7 | 11.46 | 43.20 | 54.66 | NOTE | |
r-release-linux-x86_64 | 0.2.7 | 10.24 | 41.96 | 52.20 | NOTE | |
r-release-macos-arm64 | 0.2.7 | 33.00 | NOTE | |||
r-release-windows-x86_64 | 0.2.7 | 15.00 | 68.00 | 83.00 | NOTE | |
r-oldrel-macos-arm64 | 0.2.7 | 35.00 | NOTE | |||
r-oldrel-macos-x86_64 | 0.2.7 | 52.00 | NOTE | |||
r-oldrel-windows-x86_64 | 0.2.7 | 17.00 | 81.00 | 98.00 | NOTE |
Version: 0.2.7
Check: C++ specification
Result: NOTE
Specified C++11: please drop specification unless essential
Flavors: r-devel-linux-x86_64-debian-clang, r-devel-linux-x86_64-debian-gcc, r-devel-linux-x86_64-fedora-clang, r-devel-linux-x86_64-fedora-gcc, r-devel-windows-x86_64, r-patched-linux-x86_64, r-release-linux-x86_64, r-release-macos-arm64, r-release-windows-x86_64, r-oldrel-macos-arm64, r-oldrel-macos-x86_64, r-oldrel-windows-x86_64
Version: 0.2.7
Check: compiled code
Result: NOTE
File ‘isoband/libs/isoband.so’:
Found non-API call to R: ‘SETLENGTH’
Compiled code should not call non-API entry points in R.
See ‘Writing portable packages’ in the ‘Writing R Extensions’ manual.
Flavors: r-devel-linux-x86_64-debian-clang, r-devel-linux-x86_64-debian-gcc, r-devel-linux-x86_64-fedora-clang, r-devel-linux-x86_64-fedora-gcc
Version: 0.2.7
Check: compiled code
Result: NOTE
File 'isoband/libs/x64/isoband.dll':
Found non-API call to R: 'SETLENGTH'
Compiled code should not call non-API entry points in R.
See 'Writing portable packages' in the 'Writing R Extensions' manual.
Flavor: r-devel-windows-x86_64