Last updated on 2023-12-07 20:48:40 CET.
Flavor | Version | Tinstall | Tcheck | Ttotal | Status | Flags |
---|---|---|---|---|---|---|
r-devel-linux-x86_64-debian-clang | 0.2.6 | 31.09 | 316.87 | 347.96 | NOTE | |
r-devel-linux-x86_64-debian-gcc | 0.2.6 | 21.38 | 239.07 | 260.45 | NOTE | |
r-devel-linux-x86_64-fedora-clang | 0.2.6 | 447.97 | NOTE | |||
r-devel-linux-x86_64-fedora-gcc | 0.2.6 | 429.12 | NOTE | |||
r-devel-windows-x86_64 | 0.2.6 | 24.00 | 203.00 | 227.00 | NOTE | |
r-patched-linux-x86_64 | 0.2.6 | 27.91 | 308.36 | 336.27 | OK | |
r-release-linux-x86_64 | 0.2.6 | 28.21 | 303.99 | 332.20 | OK | |
r-release-macos-arm64 | 0.2.6 | 105.00 | OK | |||
r-release-macos-x86_64 | 0.2.6 | 193.00 | OK | |||
r-release-windows-x86_64 | 0.2.6 | 31.00 | 281.00 | 312.00 | OK | |
r-oldrel-macos-arm64 | 0.2.6 | 95.00 | OK | |||
r-oldrel-macos-x86_64 | 0.2.6 | 120.00 | OK | |||
r-oldrel-windows-x86_64 | 0.2.6 | 33.00 | 270.00 | 303.00 | OK |
Version: 0.2.6
Check: Rd \usage sections
Result: NOTE
Documented arguments not in \usage in Rd file 'dot-assignmentMaker.Rd':
‘.precip_raster’ ‘.precip_SD_raster’
Functions with \usage entries need to have the appropriate \alias
entries, and all their arguments documented.
The \usage entries must correspond to syntactically valid R code.
See chapter ‘Writing R documentation files’ in the ‘Writing R
Extensions’ manual.
Flavors: r-devel-linux-x86_64-debian-clang, r-devel-linux-x86_64-debian-gcc, r-devel-linux-x86_64-fedora-clang, r-devel-linux-x86_64-fedora-gcc, r-devel-windows-x86_64