Last updated on 2024-04-19 16:58:45 CEST.
Flavor | Version | Tinstall | Tcheck | Ttotal | Status | Flags |
---|---|---|---|---|---|---|
r-devel-linux-x86_64-debian-clang | 2.0-7.1 | 11.54 | 68.06 | 79.60 | NOTE | |
r-devel-linux-x86_64-debian-gcc | 2.0-7.1 | NOTE | ||||
r-devel-linux-x86_64-fedora-clang | 2.0-7.1 | 99.37 | NOTE | |||
r-devel-linux-x86_64-fedora-gcc | 2.0-7.1 | 110.81 | NOTE | |||
r-prerel-macos-arm64 | 2.0-7.1 | 40.00 | NOTE | |||
r-prerel-windows-x86_64 | 2.0-7.1 | 13.00 | 91.00 | 104.00 | NOTE | |
r-patched-linux-x86_64 | 2.0-7.1 | 14.87 | 66.60 | 81.47 | NOTE | |
r-release-linux-x86_64 | 2.0-7.1 | 12.98 | 66.00 | 78.98 | OK | |
r-release-macos-arm64 | 2.0-7.1 | 37.00 | OK | |||
r-release-macos-x86_64 | 2.0-7.1 | 71.00 | OK | |||
r-release-windows-x86_64 | 2.0-7.1 | 15.00 | 93.00 | 108.00 | OK | |
r-oldrel-macos-arm64 | 2.0-7.1 | 34.00 | OK | |||
r-oldrel-windows-x86_64 | 2.0-7.1 | 15.00 | 97.00 | 112.00 | OK |
Version: 2.0-7.1
Check: Rd files
Result: NOTE
checkRd: (-1) CLM.Rd:30: Lost braces
30 | item{tau0}{the mean circular Kendall Tau of the initial order with the data.}
| ^
checkRd: (-1) CLM.Rd:30: Lost braces
30 | item{tau0}{the mean circular Kendall Tau of the initial order with the data.}
| ^
Flavors: r-devel-linux-x86_64-debian-clang, r-devel-linux-x86_64-debian-gcc, r-devel-linux-x86_64-fedora-clang, r-devel-linux-x86_64-fedora-gcc, r-prerel-macos-arm64, r-prerel-windows-x86_64, r-patched-linux-x86_64