CRAN Package Check Results for Package isocir

Last updated on 2024-02-25 16:51:44 CET.

Flavor Version Tinstall Tcheck Ttotal Status Flags
r-devel-linux-x86_64-debian-clang 2.0-7.1 11.82 67.22 79.04 NOTE
r-devel-linux-x86_64-debian-gcc 2.0-7.1 10.62 51.51 62.13 NOTE
r-devel-linux-x86_64-fedora-clang 2.0-7.1 96.14 OK
r-devel-linux-x86_64-fedora-gcc 2.0-7.1 109.07 OK
r-devel-windows-x86_64 2.0-7.1 13.00 91.00 104.00 OK
r-patched-linux-x86_64 2.0-7.1 15.84 66.32 82.16 OK
r-release-linux-x86_64 2.0-7.1 12.46 65.96 78.42 OK
r-release-macos-arm64 2.0-7.1 37.00 OK
r-release-macos-x86_64 2.0-7.1 71.00 OK
r-release-windows-x86_64 2.0-7.1 16.00 94.00 110.00 OK
r-oldrel-macos-arm64 2.0-7.1 34.00 OK
r-oldrel-windows-x86_64 2.0-7.1 14.00 96.00 110.00 OK

Check Details

Version: 2.0-7.1
Check: Rd files
Result: NOTE checkRd: (-1) CLM.Rd:30: Lost braces 30 | item{tau0}{the mean circular Kendall Tau of the initial order with the data.} | ^ checkRd: (-1) CLM.Rd:30: Lost braces 30 | item{tau0}{the mean circular Kendall Tau of the initial order with the data.} | ^ Flavors: r-devel-linux-x86_64-debian-clang, r-devel-linux-x86_64-debian-gcc