CRAN Package Check Results for Package isodistrreg

Last updated on 2024-06-25 08:48:19 CEST.

Flavor Version Tinstall Tcheck Ttotal Status Flags
r-devel-linux-x86_64-debian-clang 0.1.0 46.82 96.15 142.97 OK
r-devel-linux-x86_64-debian-gcc 0.1.0 29.17 73.65 102.82 OK
r-devel-linux-x86_64-fedora-clang 0.1.0 193.64 NOTE
r-devel-linux-x86_64-fedora-gcc 0.1.0 195.45 NOTE
r-devel-windows-x86_64 0.1.0 37.00 112.00 149.00 OK
r-patched-linux-x86_64 0.1.0 40.76 94.53 135.29 OK
r-release-linux-x86_64 0.1.0 42.20 93.89 136.09 OK
r-release-macos-arm64 0.1.0 55.00 OK
r-release-macos-x86_64 0.1.0 73.00 OK
r-release-windows-x86_64 0.1.0 39.00 114.00 153.00 OK
r-oldrel-macos-arm64 0.1.0 59.00 OK
r-oldrel-macos-x86_64 0.1.0 96.00 OK
r-oldrel-windows-x86_64 0.1.0 36.00 136.00 172.00 OK

Check Details

Version: 0.1.0
Check: dependencies in R code
Result: NOTE Namespace in Imports field not imported from: ‘Rcpp’ All declared Imports should be used. Flavors: r-devel-linux-x86_64-fedora-clang, r-devel-linux-x86_64-fedora-gcc