Last updated on 2024-05-06 00:52:46 CEST.
Flavor | Version | Tinstall | Tcheck | Ttotal | Status | Flags |
---|---|---|---|---|---|---|
r-devel-linux-x86_64-debian-clang | 0.1.0 | 53.52 | 95.57 | 149.09 | OK | |
r-devel-linux-x86_64-debian-gcc | 0.1.0 | 35.84 | 73.52 | 109.36 | OK | |
r-devel-linux-x86_64-fedora-clang | 0.1.0 | 189.36 | NOTE | |||
r-devel-linux-x86_64-fedora-gcc | 0.1.0 | 195.77 | NOTE | |||
r-devel-windows-x86_64 | 0.1.0 | 35.00 | 115.00 | 150.00 | OK | |
r-patched-linux-x86_64 | 0.1.0 | 46.34 | 94.57 | 140.91 | OK | |
r-release-linux-x86_64 | 0.1.0 | 44.50 | 93.90 | 138.40 | OK | |
r-release-macos-arm64 | 0.1.0 | 55.00 | OK | |||
r-release-windows-x86_64 | 0.1.0 | 36.00 | 115.00 | 151.00 | OK | |
r-oldrel-macos-arm64 | 0.1.0 | 59.00 | OK | |||
r-oldrel-macos-x86_64 | 0.1.0 | 96.00 | OK | |||
r-oldrel-windows-x86_64 | 0.1.0 | 34.00 | 133.00 | 167.00 | OK |
Version: 0.1.0
Check: dependencies in R code
Result: NOTE
Namespace in Imports field not imported from: ‘Rcpp’
All declared Imports should be used.
Flavors: r-devel-linux-x86_64-fedora-clang, r-devel-linux-x86_64-fedora-gcc