CRAN Package Check Results for Package isotree

Last updated on 2021-10-23 00:48:57 CEST.

Flavor Version Tinstall Tcheck Ttotal Status Flags
r-devel-linux-x86_64-debian-clang 0.3.0 101.86 45.93 147.79 OK
r-devel-linux-x86_64-debian-gcc 0.3.0 82.10 31.22 113.32 OK
r-devel-linux-x86_64-fedora-clang 0.3.0 229.36 NOTE
r-devel-linux-x86_64-fedora-gcc 0.3.0 215.19 OK
r-devel-windows-x86_64 0.3.0 120.00 57.00 177.00 OK
r-devel-windows-x86_64-gcc10-UCRT 0.3.0 OK
r-patched-linux-x86_64 0.3.0 93.99 44.45 138.44 OK
r-patched-solaris-x86 0.3.0 180.70 OK
r-release-linux-x86_64 0.3.0 95.01 44.36 139.37 OK
r-release-macos-arm64 0.3.0 NOTE
r-release-macos-x86_64 0.3.0 NOTE
r-release-windows-ix86+x86_64 0.3.0 195.00 99.00 294.00 OK
r-oldrel-macos-x86_64 0.3.0 NOTE
r-oldrel-windows-ix86+x86_64 0.3.0 240.00 96.00 336.00 OK

Check Details

Version: 0.3.0
Check: installed package size
Result: NOTE
     installed size is 9.4Mb
     sub-directories of 1Mb or more:
     libs 9.2Mb
Flavors: r-devel-linux-x86_64-fedora-clang, r-release-macos-arm64, r-release-macos-x86_64, r-oldrel-macos-x86_64