CRAN Package Check Results for Package itsadug

Last updated on 2021-11-27 04:55:47 CET.

Flavor Version Tinstall Tcheck Ttotal Status Flags
r-devel-linux-x86_64-debian-clang 2.4 OK
r-devel-linux-x86_64-debian-gcc 2.4 13.28 153.32 166.60 OK
r-devel-linux-x86_64-fedora-clang 2.4 270.23 OK
r-devel-linux-x86_64-fedora-gcc 2.4 256.97 OK
r-devel-windows-x86_64-new-UL 2.4 30.00 284.00 314.00 OK
r-devel-windows-x86_64-new-TK 2.4 OK
r-devel-windows-x86_64-old 2.4 15.00 262.00 277.00 OK
r-patched-linux-x86_64 2.4 17.98 113.14 131.12 OK
r-patched-solaris-x86 2.4 215.30 NOTE
r-release-linux-x86_64 2.4 OK
r-release-macos-arm64 2.4 OK
r-release-macos-x86_64 2.4 OK
r-release-windows-ix86+x86_64 2.4 28.00 113.00 141.00 OK
r-oldrel-macos-x86_64 2.4 OK
r-oldrel-windows-ix86+x86_64 2.4 20.00 149.00 169.00 OK

Check Details

Version: 2.4
Check: installed package size
Result: NOTE
     installed size is 5.5Mb
     sub-directories of 1Mb or more:
     doc 4.1Mb
Flavor: r-patched-solaris-x86