CRAN Package Check Results for Package ivdesc

Last updated on 2021-10-27 16:49:07 CEST.

Flavor Version Tinstall Tcheck Ttotal Status Flags
r-devel-linux-x86_64-debian-clang 1.1.0 4.98 48.81 53.79 NOTE
r-devel-linux-x86_64-debian-gcc 1.1.0 4.35 36.64 40.99 NOTE
r-devel-linux-x86_64-fedora-clang 1.1.0 74.54 NOTE
r-devel-linux-x86_64-fedora-gcc 1.1.0 61.35 NOTE
r-devel-windows-x86_64 1.1.0 10.00 66.00 76.00 NOTE
r-devel-windows-x86_64-gcc10-UCRT 1.1.0 NOTE
r-patched-linux-x86_64 1.1.0 5.05 45.97 51.02 NOTE
r-patched-solaris-x86 1.1.0 92.40 NOTE
r-release-linux-x86_64 1.1.0 4.45 46.05 50.50 NOTE
r-release-macos-arm64 1.1.0 NOTE
r-release-macos-x86_64 1.1.0 NOTE
r-release-windows-ix86+x86_64 1.1.0 10.00 67.00 77.00 NOTE
r-oldrel-macos-x86_64 1.1.0 OK
r-oldrel-windows-ix86+x86_64 1.1.0 14.00 69.00 83.00 OK

Check Details

Version: 1.1.0
Check: LazyData
Result: NOTE
     'LazyData' is specified without a 'data' directory
Flavors: r-devel-linux-x86_64-debian-clang, r-devel-linux-x86_64-debian-gcc, r-devel-linux-x86_64-fedora-clang, r-devel-linux-x86_64-fedora-gcc, r-devel-windows-x86_64, r-devel-windows-x86_64-gcc10-UCRT, r-patched-linux-x86_64, r-patched-solaris-x86, r-release-linux-x86_64, r-release-macos-arm64, r-release-macos-x86_64, r-release-windows-ix86+x86_64

Version: 1.1.0
Check: Rd cross-references
Result: NOTE
    Undeclared package ‘AER’ in Rd xrefs
Flavor: r-devel-linux-x86_64-fedora-clang