Last updated on 2023-06-05 16:54:57 CEST.
Flavor | Version | Tinstall | Tcheck | Ttotal | Status | Flags |
---|---|---|---|---|---|---|
r-devel-linux-x86_64-debian-clang | 1.4.0 | 17.90 | 108.86 | 126.76 | NOTE | --no-vignettes |
r-devel-linux-x86_64-debian-gcc | 1.4.0 | 14.25 | 81.24 | 95.49 | NOTE | --no-vignettes |
r-devel-linux-x86_64-fedora-clang | 1.4.0 | 158.14 | NOTE | --no-vignettes | ||
r-devel-linux-x86_64-fedora-gcc | 1.4.0 | 150.34 | NOTE | --no-vignettes | ||
r-devel-windows-x86_64 | 1.4.0 | 14.00 | 104.00 | 118.00 | NOTE | --no-vignettes |
r-patched-linux-x86_64 | 1.4.0 | 18.96 | 103.22 | 122.18 | NOTE | --no-vignettes |
r-release-linux-x86_64 | 1.4.0 | 13.94 | 102.29 | 116.23 | NOTE | --no-vignettes |
r-release-macos-arm64 | 1.4.0 | 670.00 | NOTE | |||
r-release-macos-x86_64 | 1.4.0 | 1354.00 | NOTE | |||
r-release-windows-x86_64 | 1.4.0 | 14.00 | 134.00 | 148.00 | NOTE | --no-vignettes |
r-oldrel-macos-arm64 | 1.4.0 | 648.00 | NOTE | |||
r-oldrel-macos-x86_64 | 1.4.0 | 1106.00 | NOTE | |||
r-oldrel-windows-x86_64 | 1.4.0 | 20.00 | 127.00 | 147.00 | NOTE | --no-vignettes |
Version: 1.4.0
Flags: --no-vignettes
Check: package dependencies
Result: NOTE
Packages suggested but not available for checking: 'gurobi', 'cplexAPI'
Flavors: r-devel-linux-x86_64-debian-clang, r-devel-linux-x86_64-debian-gcc, r-devel-linux-x86_64-fedora-clang, r-devel-linux-x86_64-fedora-gcc, r-devel-windows-x86_64, r-patched-linux-x86_64, r-release-linux-x86_64, r-release-windows-x86_64, r-oldrel-windows-x86_64
Version: 1.4.0
Check: package dependencies
Result: NOTE
Packages suggested but not available for checking: 'gurobi', 'cplexAPI'
Flavors: r-release-macos-arm64, r-release-macos-x86_64, r-oldrel-macos-arm64, r-oldrel-macos-x86_64