CRAN Package Check Results for Package ivmte

Last updated on 2021-10-24 12:59:05 CEST.

Flavor Version Tinstall Tcheck Ttotal Status Flags
r-devel-linux-x86_64-debian-clang 1.4.0 15.56 97.23 112.79 NOTE --no-vignettes
r-devel-linux-x86_64-debian-gcc 1.4.0 12.64 71.26 83.90 NOTE --no-vignettes
r-devel-linux-x86_64-fedora-clang 1.4.0 147.39 NOTE --no-vignettes
r-devel-linux-x86_64-fedora-gcc 1.4.0 135.30 NOTE --no-vignettes
r-devel-windows-x86_64 1.4.0 30.00 118.00 148.00 NOTE --no-vignettes
r-devel-windows-x86_64-gcc10-UCRT 1.4.0 NOTE
r-patched-linux-x86_64 1.4.0 17.13 93.51 110.64 NOTE --no-vignettes
r-patched-solaris-x86 1.4.0 166.00 NOTE --no-vignettes
r-release-linux-x86_64 1.4.0 14.75 94.44 109.19 NOTE --no-vignettes
r-release-macos-arm64 1.4.0 NOTE
r-release-macos-x86_64 1.4.0 NOTE
r-release-windows-ix86+x86_64 1.4.0 19.00 119.00 138.00 NOTE --no-vignettes
r-oldrel-macos-x86_64 1.4.0 NOTE
r-oldrel-windows-ix86+x86_64 1.4.0 28.00 116.00 144.00 NOTE --no-vignettes

Check Details

Version: 1.4.0
Flags: --no-vignettes
Check: package dependencies
Result: NOTE
    Package suggested but not available for checking: 'gurobi'
Flavors: r-devel-linux-x86_64-debian-clang, r-devel-linux-x86_64-debian-gcc, r-patched-linux-x86_64, r-release-linux-x86_64

Version: 1.4.0
Flags: --no-vignettes
Check: package dependencies
Result: NOTE
    Packages suggested but not available for checking: 'gurobi', 'cplexAPI'
Flavors: r-devel-linux-x86_64-fedora-clang, r-devel-linux-x86_64-fedora-gcc, r-devel-windows-x86_64, r-release-windows-ix86+x86_64, r-oldrel-windows-ix86+x86_64

Version: 1.4.0
Check: package dependencies
Result: NOTE
    Packages suggested but not available for checking: 'gurobi', 'cplexAPI'
Flavors: r-devel-windows-x86_64-gcc10-UCRT, r-release-macos-arm64, r-release-macos-x86_64, r-oldrel-macos-x86_64

Version: 1.4.0
Flags: --no-vignettes
Check: package dependencies
Result: NOTE
    Packages suggested but not available for checking:
     'gurobi', 'cplexAPI', 'Rmosek'
Flavor: r-patched-solaris-x86