Last updated on 2023-12-04 00:52:44 CET.
Flavor | Version | Tinstall | Tcheck | Ttotal | Status | Flags |
---|---|---|---|---|---|---|
r-devel-linux-x86_64-debian-clang | 0.6-2 | 4.35 | 74.94 | 79.29 | OK | |
r-devel-linux-x86_64-debian-gcc | 0.6-2 | 3.77 | 57.12 | 60.89 | OK | |
r-devel-linux-x86_64-fedora-clang | 0.6-2 | 97.93 | OK | |||
r-devel-linux-x86_64-fedora-gcc | 0.6-2 | 114.76 | OK | |||
r-devel-windows-x86_64 | 0.6-2 | 6.00 | 76.00 | 82.00 | OK | |
r-patched-linux-x86_64 | 0.6-2 | 13.64 | 72.82 | 86.46 | OK | |
r-release-linux-x86_64 | 0.6-2 | 3.47 | 72.48 | 75.95 | OK | |
r-release-macos-arm64 | 0.6-2 | 43.00 | OK | |||
r-release-macos-x86_64 | 0.6-2 | 66.00 | NOTE | |||
r-release-windows-x86_64 | 0.6-2 | 7.00 | 89.00 | 96.00 | OK | |
r-oldrel-macos-arm64 | 0.6-2 | 25.00 | OK | |||
r-oldrel-macos-x86_64 | 0.6-2 | 45.00 | OK | |||
r-oldrel-windows-x86_64 | 0.6-2 | 7.00 | 90.00 | 97.00 | OK |
Version: 0.6-2
Check: package dependencies
Result: NOTE
Package suggested but not available for checking: ‘AER’
Flavor: r-release-macos-x86_64
Version: 0.6-2
Check: Rd cross-references
Result: NOTE
Package unavailable to check Rd xrefs: ‘AER’
Flavor: r-release-macos-x86_64