CRAN Package Check Results for Package jackstrap

Last updated on 2021-10-24 00:51:01 CEST.

Flavor Version Tinstall Tcheck Ttotal Status Flags
r-devel-linux-x86_64-debian-clang 0.1.0 6.85 57.27 64.12 OK
r-devel-linux-x86_64-debian-gcc 0.1.0 5.43 42.87 48.30 OK
r-devel-linux-x86_64-fedora-clang 0.1.0 88.27 NOTE
r-devel-linux-x86_64-fedora-gcc 0.1.0 73.39 NOTE
r-devel-windows-x86_64 0.1.0 11.00 93.00 104.00 OK
r-devel-windows-x86_64-gcc10-UCRT 0.1.0 NOTE
r-patched-linux-x86_64 0.1.0 5.03 53.56 58.59 OK
r-patched-solaris-x86 0.1.0 105.50 NOTE
r-release-linux-x86_64 0.1.0 4.83 53.32 58.15 OK
r-release-macos-arm64 0.1.0 NOTE
r-release-macos-x86_64 0.1.0 NOTE
r-release-windows-ix86+x86_64 0.1.0 12.00 82.00 94.00 OK
r-oldrel-macos-x86_64 0.1.0 NOTE
r-oldrel-windows-ix86+x86_64 0.1.0 15.00 84.00 99.00 OK

Check Details

Version: 0.1.0
Check: dependencies in R code
Result: NOTE
    Namespaces in Imports field not imported from:
     ‘fBasics’ ‘reshape’ ‘tidyr’ ‘utils’
     All declared Imports should be used.
Flavors: r-devel-linux-x86_64-fedora-clang, r-devel-linux-x86_64-fedora-gcc, r-devel-windows-x86_64-gcc10-UCRT, r-patched-solaris-x86, r-release-macos-arm64, r-release-macos-x86_64, r-oldrel-macos-x86_64

Version: 0.1.0
Check: data for non-ASCII characters
Result: NOTE
     Note: found 2261 marked UTF-8 strings
Flavors: r-devel-linux-x86_64-fedora-clang, r-devel-linux-x86_64-fedora-gcc, r-devel-windows-x86_64-gcc10-UCRT, r-patched-solaris-x86, r-release-macos-arm64, r-release-macos-x86_64, r-oldrel-macos-x86_64