Last updated on 2022-06-27 12:53:33 CEST.
Flavor | Version | Tinstall | Tcheck | Ttotal | Status | Flags |
---|---|---|---|---|---|---|
r-devel-linux-x86_64-debian-clang | 0.1.0 | 4.85 | 54.93 | 59.78 | OK | |
r-devel-linux-x86_64-debian-gcc | 0.1.0 | 4.11 | 41.25 | 45.36 | OK | |
r-devel-linux-x86_64-fedora-clang | 0.1.0 | 81.52 | NOTE | |||
r-devel-linux-x86_64-fedora-gcc | 0.1.0 | 79.93 | NOTE | |||
r-devel-windows-x86_64 | 0.1.0 | 21.00 | 86.00 | 107.00 | OK | |
r-patched-linux-x86_64 | 0.1.0 | 4.58 | 51.18 | 55.76 | OK | |
r-release-linux-x86_64 | 0.1.0 | 4.89 | 51.19 | 56.08 | OK | |
r-release-macos-arm64 | 0.1.0 | 22.00 | NOTE | |||
r-release-macos-x86_64 | 0.1.0 | 46.00 | NOTE | |||
r-release-windows-x86_64 | 0.1.0 | 25.00 | 80.00 | 105.00 | OK | |
r-oldrel-macos-arm64 | 0.1.0 | 128.00 | NOTE | |||
r-oldrel-macos-x86_64 | 0.1.0 | 34.00 | NOTE | |||
r-oldrel-windows-ix86+x86_64 | 0.1.0 | 15.00 | 75.00 | 90.00 | OK |
Version: 0.1.0
Check: data for non-ASCII characters
Result: NOTE
Note: found 1984 marked UTF-8 strings
Flavors: r-devel-linux-x86_64-fedora-clang, r-devel-linux-x86_64-fedora-gcc, r-release-macos-arm64, r-release-macos-x86_64, r-oldrel-macos-arm64, r-oldrel-macos-x86_64