Last updated on 2023-11-28 16:48:22 CET.
Flavor | Version | Tinstall | Tcheck | Ttotal | Status | Flags |
---|---|---|---|---|---|---|
r-devel-linux-x86_64-debian-clang | 0.1.0 | 5.75 | 45.85 | 51.60 | OK | |
r-devel-linux-x86_64-debian-gcc | 0.1.0 | 4.08 | 34.89 | 38.97 | OK | |
r-devel-linux-x86_64-fedora-clang | 0.1.0 | 64.24 | NOTE | |||
r-devel-linux-x86_64-fedora-gcc | 0.1.0 | 62.17 | NOTE | |||
r-devel-windows-x86_64 | 0.1.0 | 6.00 | 62.00 | 68.00 | OK | |
r-patched-linux-x86_64 | 0.1.0 | 4.95 | 43.83 | 48.78 | OK | |
r-release-linux-x86_64 | 0.1.0 | 3.19 | 44.12 | 47.31 | OK | |
r-release-macos-arm64 | 0.1.0 | 23.00 | OK | |||
r-release-macos-x86_64 | 0.1.0 | 29.00 | OK | |||
r-release-windows-x86_64 | 0.1.0 | 8.00 | 63.00 | 71.00 | OK | |
r-oldrel-macos-arm64 | 0.1.0 | 22.00 | NOTE | |||
r-oldrel-macos-x86_64 | 0.1.0 | 46.00 | NOTE | |||
r-oldrel-windows-x86_64 | 0.1.0 | 8.00 | 71.00 | 79.00 | OK |
Version: 0.1.0
Check: data for non-ASCII characters
Result: NOTE
Note: found 1984 marked UTF-8 strings
Flavors: r-devel-linux-x86_64-fedora-clang, r-devel-linux-x86_64-fedora-gcc, r-oldrel-macos-arm64, r-oldrel-macos-x86_64