Last updated on 2024-04-26 08:55:01 CEST.
Flavor | Version | Tinstall | Tcheck | Ttotal | Status | Flags |
---|---|---|---|---|---|---|
r-devel-linux-x86_64-debian-clang | 0.3.1 | 70.11 | 53.13 | 123.24 | NOTE | |
r-devel-linux-x86_64-debian-gcc | 0.3.1 | 58.80 | 40.26 | 99.06 | NOTE | |
r-devel-linux-x86_64-fedora-clang | 0.3.1 | 169.47 | NOTE | |||
r-devel-linux-x86_64-fedora-gcc | 0.3.1 | 191.07 | NOTE | |||
r-devel-windows-x86_64 | 0.3.1 | 51.00 | 95.00 | 146.00 | NOTE | |
r-patched-linux-x86_64 | 0.3.1 | 67.93 | 52.88 | 120.81 | OK | |
r-release-linux-x86_64 | 0.3.1 | 69.87 | 51.41 | 121.28 | OK | |
r-release-macos-arm64 | 0.3.1 | 50.00 | NOTE | |||
r-release-windows-x86_64 | 0.3.1 | 50.00 | 87.00 | 137.00 | OK | |
r-oldrel-macos-arm64 | 0.3.1 | 72.00 | NOTE | |||
r-oldrel-macos-x86_64 | 0.3.1 | 117.00 | NOTE | |||
r-oldrel-windows-x86_64 | 0.3.1 | 51.00 | 97.00 | 148.00 | OK |
Version: 0.3.1
Check: compiled code
Result: NOTE
File ‘jinjar/libs/jinjar.so’:
Found non-API calls to R: ‘SETLENGTH’, ‘SET_TRUELENGTH’
Compiled code should not call non-API entry points in R.
See ‘Writing portable packages’ in the ‘Writing R Extensions’ manual.
Flavors: r-devel-linux-x86_64-debian-clang, r-devel-linux-x86_64-debian-gcc, r-devel-linux-x86_64-fedora-clang, r-devel-linux-x86_64-fedora-gcc
Version: 0.3.1
Check: compiled code
Result: NOTE
File 'jinjar/libs/x64/jinjar.dll':
Found non-API calls to R: 'SETLENGTH', 'SET_TRUELENGTH'
Compiled code should not call non-API entry points in R.
See 'Writing portable packages' in the 'Writing R Extensions' manual.
Flavor: r-devel-windows-x86_64
Version: 0.3.1
Check: installed package size
Result: NOTE
installed size is 7.4Mb
sub-directories of 1Mb or more:
libs 7.1Mb
Flavors: r-release-macos-arm64, r-oldrel-macos-arm64, r-oldrel-macos-x86_64