Last updated on 2024-05-07 00:56:16 CEST.
Flavor | Version | Tinstall | Tcheck | Ttotal | Status | Flags |
---|---|---|---|---|---|---|
r-devel-linux-x86_64-debian-clang | 0.0.2 | 9.36 | 86.86 | 96.22 | NOTE | |
r-devel-linux-x86_64-debian-gcc | 0.0.2 | 7.61 | 63.50 | 71.11 | NOTE | |
r-devel-linux-x86_64-fedora-clang | 0.0.2 | 118.53 | NOTE | |||
r-devel-linux-x86_64-fedora-gcc | 0.0.2 | 169.71 | NOTE | |||
r-devel-windows-x86_64 | 0.0.2 | 9.00 | 78.00 | 87.00 | NOTE | |
r-patched-linux-x86_64 | 0.0.2 | 6.17 | 83.02 | 89.19 | NOTE | |
r-release-linux-x86_64 | 0.0.2 | 7.12 | 80.99 | 88.11 | NOTE | |
r-release-macos-arm64 | 0.0.2 | 36.00 | NOTE | |||
r-release-windows-x86_64 | 0.0.2 | 8.00 | 76.00 | 84.00 | NOTE | |
r-oldrel-macos-arm64 | 0.0.2 | 42.00 | OK | |||
r-oldrel-macos-x86_64 | 0.0.2 | 61.00 | OK | |||
r-oldrel-windows-x86_64 | 0.0.2 | 12.00 | 88.00 | 100.00 | OK |
Version: 0.0.2
Check: Rd files
Result: NOTE
checkRd: (-1) data_timeinv.Rd:14: Lost braces; missing escapes or markup?
14 | \item{X5}{categorical covariate taking values from {1, 2, 3, 4, 5}; time-invariant}
| ^
checkRd: (-1) data_timeinv.Rd:18: Lost braces; missing escapes or markup?
18 | \item{g}{true latent class identifier {1, 2, 3, 4}, which is determined by
| ^
checkRd: (-1) data_timevar.Rd:15: Lost braces; missing escapes or markup?
15 | \item{X5}{categorical covariate taking values from {1, 2, 3, 4, 5}; time-varying}
| ^
checkRd: (-1) data_timevar.Rd:20: Lost braces; missing escapes or markup?
20 | \item{g}{true latent class identifier {1, 2, 3, 4}, which is determined by
| ^
Flavors: r-devel-linux-x86_64-debian-clang, r-devel-linux-x86_64-debian-gcc, r-devel-linux-x86_64-fedora-clang, r-devel-linux-x86_64-fedora-gcc, r-devel-windows-x86_64, r-patched-linux-x86_64, r-release-linux-x86_64, r-release-macos-arm64, r-release-windows-x86_64