CRAN Package Check Results for Package jmotif

Last updated on 2024-07-23 16:49:07 CEST.

Flavor Version Tinstall Tcheck Ttotal Status Flags
r-devel-linux-x86_64-debian-clang 1.1.1 210.08 38.42 248.50 NOTE
r-devel-linux-x86_64-debian-gcc 1.1.1 131.38 29.20 160.58 NOTE
r-devel-linux-x86_64-fedora-clang 1.1.1 499.06 NOTE
r-devel-linux-x86_64-fedora-gcc 1.1.1 378.93 NOTE
r-devel-windows-x86_64 1.1.1 174.00 77.00 251.00 NOTE
r-patched-linux-x86_64 1.1.1 220.11 36.88 256.99 NOTE
r-release-linux-x86_64 1.1.1 186.87 36.89 223.76 NOTE
r-release-macos-arm64 1.1.1 76.00 NOTE
r-release-macos-x86_64 1.1.1 72.00 NOTE
r-release-windows-x86_64 1.1.1 216.00 76.00 292.00 NOTE
r-oldrel-macos-arm64 1.1.1 97.00 NOTE
r-oldrel-macos-x86_64 1.1.1 174.00 NOTE
r-oldrel-windows-x86_64 1.1.1 198.00 87.00 285.00 NOTE

Check Details

Version: 1.1.1
Check: C++ specification
Result: NOTE Specified C++11: please drop specification unless essential Flavors: r-devel-linux-x86_64-debian-clang, r-devel-linux-x86_64-debian-gcc, r-devel-linux-x86_64-fedora-clang, r-devel-linux-x86_64-fedora-gcc, r-devel-windows-x86_64, r-patched-linux-x86_64, r-release-linux-x86_64, r-release-macos-arm64, r-release-macos-x86_64, r-release-windows-x86_64, r-oldrel-macos-arm64, r-oldrel-macos-x86_64, r-oldrel-windows-x86_64

Version: 1.1.1
Check: installed package size
Result: NOTE installed size is 6.6Mb sub-directories of 1Mb or more: data 1.1Mb libs 5.4Mb Flavors: r-release-macos-arm64, r-release-macos-x86_64, r-oldrel-macos-arm64, r-oldrel-macos-x86_64