CRAN Package Check Results for Package jmv

Last updated on 2021-10-20 04:55:23 CEST.

Flavor Version Tinstall Tcheck Ttotal Status Flags
r-devel-linux-x86_64-debian-clang 2.0 90.10 120.91 211.01 OK
r-devel-linux-x86_64-debian-gcc 2.0 74.17 89.11 163.28 OK
r-devel-linux-x86_64-fedora-clang 2.0 296.24 NOTE
r-devel-linux-x86_64-fedora-gcc 2.0 285.11 NOTE
r-devel-windows-x86_64 2.0 138.00 157.00 295.00 OK
r-devel-windows-x86_64-gcc10-UCRT 2.0 NOTE
r-patched-linux-x86_64 2.0 85.79 110.43 196.22 OK
r-patched-solaris-x86 2.0 342.10 NOTE
r-release-linux-x86_64 2.0 81.59 114.85 196.44 OK
r-release-macos-arm64 2.0 NOTE
r-release-macos-x86_64 2.0 NOTE
r-release-windows-ix86+x86_64 2.0 151.00 148.00 299.00 OK
r-oldrel-macos-x86_64 2.0 NOTE
r-oldrel-windows-ix86+x86_64 2.0 151.00 168.00 319.00 OK

Check Details

Version: 2.0
Check: dependencies in R code
Result: NOTE
    Namespaces in Imports field not imported from:
     ‘BayesFactor’ ‘GGally’ ‘GPArotation’ ‘MASS’ ‘PMCMR’ ‘R6’ ‘ROCR’
     ‘afex’ ‘car’ ‘emmeans’ ‘ggridges’ ‘lavaan’ ‘multcomp’ ‘mvnormtest’
     ‘nnet’ ‘psych’ ‘vcd’ ‘vcdExtra’
     All declared Imports should be used.
Flavors: r-devel-linux-x86_64-fedora-clang, r-devel-linux-x86_64-fedora-gcc, r-devel-windows-x86_64-gcc10-UCRT, r-patched-solaris-x86, r-release-macos-arm64, r-release-macos-x86_64, r-oldrel-macos-x86_64