Last updated on 2024-03-28 23:55:09 CET.
Flavor | Version | Tinstall | Tcheck | Ttotal | Status | Flags |
---|---|---|---|---|---|---|
r-devel-linux-x86_64-debian-clang | 2.3.13 | 25.53 | 32.43 | 57.96 | NOTE | |
r-devel-linux-x86_64-debian-gcc | 2.3.13 | 22.04 | 25.04 | 47.08 | NOTE | |
r-devel-linux-x86_64-fedora-clang | 2.3.13 | 85.45 | NOTE | |||
r-devel-linux-x86_64-fedora-gcc | 2.3.13 | 80.38 | NOTE | |||
r-devel-windows-x86_64 | 2.3.13 | 30.00 | 64.00 | 94.00 | NOTE | |
r-patched-linux-x86_64 | 2.3.13 | 25.32 | 30.84 | 56.16 | NOTE | |
r-release-linux-x86_64 | 2.3.13 | 26.74 | 31.75 | 58.49 | NOTE | |
r-release-macos-arm64 | 2.3.13 | 28.00 | NOTE | |||
r-release-macos-x86_64 | 2.3.13 | 41.00 | NOTE | |||
r-release-windows-x86_64 | 2.3.13 | 35.00 | 73.00 | 108.00 | NOTE | |
r-oldrel-macos-arm64 | 2.3.13 | 28.00 | OK | |||
r-oldrel-windows-x86_64 | 2.3.13 | 34.00 | 79.00 | 113.00 | OK |
Version: 2.3.13
Check: C++ specification
Result: NOTE
Specified C++11: please drop specification unless essential
Flavors: r-devel-linux-x86_64-debian-clang, r-devel-linux-x86_64-debian-gcc, r-devel-linux-x86_64-fedora-clang, r-devel-linux-x86_64-fedora-gcc, r-devel-windows-x86_64, r-patched-linux-x86_64, r-release-linux-x86_64, r-release-macos-arm64, r-release-macos-x86_64, r-release-windows-x86_64