Last updated on 2023-12-10 00:55:48 CET.
Flavor | Version | Tinstall | Tcheck | Ttotal | Status | Flags |
---|---|---|---|---|---|---|
r-devel-linux-x86_64-debian-clang | 1.0.1 | 6.96 | 78.72 | 85.68 | NOTE | |
r-devel-linux-x86_64-debian-gcc | 1.0.1 | 6.35 | 57.07 | 63.42 | NOTE | |
r-devel-linux-x86_64-fedora-clang | 1.0.1 | 104.94 | NOTE | |||
r-devel-linux-x86_64-fedora-gcc | 1.0.1 | 111.92 | NOTE | |||
r-devel-windows-x86_64 | 1.0.1 | 8.00 | 70.00 | 78.00 | NOTE | |
r-patched-linux-x86_64 | 1.0.1 | 5.21 | 72.90 | 78.11 | NOTE | |
r-release-linux-x86_64 | 1.0.1 | 4.92 | 73.35 | 78.27 | NOTE | |
r-release-macos-arm64 | 1.0.1 | 34.00 | NOTE | |||
r-release-macos-x86_64 | 1.0.1 | 61.00 | NOTE | |||
r-release-windows-x86_64 | 1.0.1 | 9.00 | 81.00 | 90.00 | NOTE | |
r-oldrel-macos-arm64 | 1.0.1 | 30.00 | NOTE | |||
r-oldrel-macos-x86_64 | 1.0.1 | 55.00 | NOTE | |||
r-oldrel-windows-x86_64 | 1.0.1 | 9.00 | 89.00 | 98.00 | NOTE |
Version: 1.0.1
Check: LazyData
Result: NOTE
'LazyData' is specified without a 'data' directory
Flavors: r-devel-linux-x86_64-debian-clang, r-devel-linux-x86_64-debian-gcc, r-devel-linux-x86_64-fedora-clang, r-devel-linux-x86_64-fedora-gcc, r-devel-windows-x86_64, r-patched-linux-x86_64, r-release-linux-x86_64, r-release-macos-arm64, r-release-macos-x86_64, r-release-windows-x86_64, r-oldrel-macos-arm64, r-oldrel-macos-x86_64, r-oldrel-windows-x86_64